{"id":2116,"date":"2024-06-25T07:33:06","date_gmt":"2024-06-25T05:33:06","guid":{"rendered":"https:\/\/zidovskaskolalevice.sk\/?page_id=2116"},"modified":"2024-06-25T10:14:41","modified_gmt":"2024-06-25T08:14:41","slug":"spomienkovy-vecer-pri-prilezitosti-77-vyrocia-oslobodenia-osviencimu","status":"publish","type":"page","link":"https:\/\/zidovskaskolalevice.sk\/?page_id=2116","title":{"rendered":"Spomienkov\u00fd ve\u010der pri pr\u00edle\u017eitosti 77. v\u00fdro\u010dia oslobodenia Osvien\u010dimu"},"content":{"rendered":"\t\t<div data-elementor-type=\"wp-page\" data-elementor-id=\"2116\" class=\"elementor elementor-2116\">\n\t\t\t\t\t\t<section class=\"elementor-section elementor-top-section elementor-element elementor-element-522de16 elementor-section-boxed elementor-section-height-default elementor-section-height-default\" data-id=\"522de16\" data-element_type=\"section\" data-e-type=\"section\">\n\t\t\t\t\t\t<div class=\"elementor-container elementor-column-gap-default\">\n\t\t\t\t\t<div class=\"elementor-column elementor-col-50 elementor-top-column elementor-element elementor-element-9a46011\" data-id=\"9a46011\" data-element_type=\"column\" data-e-type=\"column\">\n\t\t\t<div class=\"elementor-widget-wrap elementor-element-populated\">\n\t\t\t\t\t\t<div class=\"elementor-element elementor-element-9ac8c64 elementor-widget elementor-widget-image\" data-id=\"9ac8c64\" data-element_type=\"widget\" data-e-type=\"widget\" data-widget_type=\"image.default\">\n\t\t\t\t<div class=\"elementor-widget-container\">\n\t\t\t\t\t\t\t\t\t\t\t\t\t\t\t<img fetchpriority=\"high\" decoding=\"async\" width=\"724\" height=\"1024\" src=\"https:\/\/zidovskaskolalevice.sk\/wp-content\/uploads\/2024\/06\/plagat_sm-724x1024.jpg\" class=\"attachment-large size-large wp-image-2572\" alt=\"\" srcset=\"https:\/\/zidovskaskolalevice.sk\/wp-content\/uploads\/2024\/06\/plagat_sm-724x1024.jpg 724w, https:\/\/zidovskaskolalevice.sk\/wp-content\/uploads\/2024\/06\/plagat_sm-212x300.jpg 212w, https:\/\/zidovskaskolalevice.sk\/wp-content\/uploads\/2024\/06\/plagat_sm-768x1086.jpg 768w, https:\/\/zidovskaskolalevice.sk\/wp-content\/uploads\/2024\/06\/plagat_sm-1086x1536.jpg 1086w, https:\/\/zidovskaskolalevice.sk\/wp-content\/uploads\/2024\/06\/plagat_sm.jpg 1200w\" sizes=\"(max-width: 724px) 100vw, 724px\" \/>\t\t\t\t\t\t\t\t\t\t\t\t\t\t\t<\/div>\n\t\t\t\t<\/div>\n\t\t\t\t\t<\/div>\n\t\t<\/div>\n\t\t\t\t<div class=\"elementor-column elementor-col-50 elementor-top-column elementor-element elementor-element-f24638f\" data-id=\"f24638f\" data-element_type=\"column\" data-e-type=\"column\">\n\t\t\t<div class=\"elementor-widget-wrap elementor-element-populated\">\n\t\t\t\t\t\t<div class=\"elementor-element elementor-element-3ed0f13 elementor-widget elementor-widget-text-editor\" data-id=\"3ed0f13\" data-element_type=\"widget\" data-e-type=\"widget\" data-widget_type=\"text-editor.default\">\n\t\t\t\t<div class=\"elementor-widget-container\">\n\t\t\t\t\t\t\t\t\t<p>Koncentra\u010dn\u00fd t\u00e1bor Auschwitz-Birkenau pri po\u013eskom meste Osvien\u010dim sa natrvalo stal symbolom holokaustu a\u00a0zlo\u010dinov obrovsk\u00fdch rozmerov, ktor\u00e9 sp\u00e1chalo hitlerovsk\u00e9 Nemecko. Najv\u00e4\u010d\u0161ia nacistick\u00e1 tov\u00e1re\u0148 na smr\u0165 vznikla na jar 1940. Nacisti zavra\u017edili v tomto a v pri\u013eahlom\u00a0<a href=\"https:\/\/sk.wikipedia.org\/wiki\/Koncentra%C4%8Dn%C3%BD_t%C3%A1bor_Auschwitz-Birkenau\">t\u00e1bore Auschwitz-Birkenau<\/a>\u00a0medzi rokmi 1940 a 1945 asi 1,1 mili\u00f3na \u013eud\u00ed.<\/p><p>\u00a027.janu\u00e1r 1945 bol d\u0148om, ke\u010f do t\u00e1bora vst\u00fapili sovietski vojaci, pr\u00edslu\u0161n\u00edci 60. arm\u00e1dy 1. ukrajinsk\u00e9ho frontu. Bola sobota, nie\u010do okolo 15.00 hodiny. Kr\u00e1tko po nich pri\u0161li filmov\u00e9 \u0161t\u00e1by a\u00a0cel\u00fd svet tak mohol na vlastn\u00e9 o\u010di vidie\u0165 neskuto\u010dn\u00e9 utrpenie\u00a0 a\u00a0pravdu o\u00a0t\u00e1bore smrti.<\/p><p>Na n\u00e1vrh Izraela, USA, Ruska a Kanady vyhl\u00e1silo 1. novembra 2005 Valn\u00e9 zhroma\u017edenie OSN 27. janu\u00e1r za Medzin\u00e1rodn\u00fd de\u0148 pamiatky obet\u00ed holokaustu.<\/p><p>Mestsk\u00e9 kult\u00farne stredisko si historicky v\u00e1\u017ene a\u00a0tragick\u00e9 udalosti pripomenulo spomienkov\u00fdm ve\u010derom. Podujatie sa uskuto\u010dnilo v\u00a0priestoroch Levickej synag\u00f3gy vo \u0161tvrtok 27.janu\u00e1ra 2022. Pozvanie prijali pani Mgr.Marta \u0160volikov\u00e1, ktor\u00e1 mala predn\u00e1\u0161ku na t\u00e9mu:\u00a0<strong><em>Vlak do nen\u00e1vratna. Deport\u00e1cie z\u00a0Lev\u00edc.\u00a0<\/em><\/strong>Mali sme mo\u017enos\u0165 vypo\u010du\u0165 si pr\u00edbehy nieko\u013ek\u00fdch levick\u00fdch \u017eidovsk\u00fdch rod\u00edn, na\u0161ich spoluob\u010danov. P\u00e1n Mat\u00fa\u0161 Zelieska, predseda o.z. Geniza,\u00a0 hovoril o\u00a0kult\u00farnom a\u00a0intelektu\u00e1lnom \u017eivote \u017didov v\u00a0na\u0161om meste:\u00a0<strong><em>Posledn\u00e9 dve dek\u00e1dy \u2013 Levick\u00e1 kehila v medzivojnovom a predvojnovom obdob\u00ed.\u00a0<\/em><\/strong>Posledn\u00fd predn\u00e1\u0161aj\u00faci p\u00e1n Mgr. Petr M\u00e9sz\u00e1ro\u0161 mal predn\u00e1\u0161ku, v ktorej n\u00e1m ozrejmil fakty oslobodenia t\u00e1bora:\u00a0<strong><em>Oslobodenie Osvien\u010dimu.\u00a0<\/em><\/strong>Cel\u00fa atmosf\u00e9ru ve\u010dera umoc\u0148ovalo vyst\u00fapenie levick\u00fdch umelcov Pe\u0165ka Daru, mlad\u00e9ho n\u00e1dejn\u00e9ho pianistu, Elii Ka\u010diovej, jazzovej spev\u00e1\u010dky, hudobn\u00ed\u010dky, pedagogi\u010dky, Ondreja Kraj\u0148\u00e1ka, jedn\u00e9ho z\u00a0najlep\u0161\u00edch slovensk\u00fdch pianistov, jazzov\u00fdch umelcov a\u00a0Veroniky M\u00e9sz\u00e1ro\u0161ovej, \u0161tudentky V\u0160MU, skvelej recit\u00e1torky.<\/p><p>Ver\u00edme, \u017ee sme si d\u00f4stojn\u00fdm sp\u00f4sobom uctili pamiatku v\u0161etk\u00fdch obet\u00ed holokaustu: \u017didov, R\u00f3mov, Sintov\u00a0 a\u00a0\u010fal\u0161\u00edch r\u00f3mskych etn\u00edk, politick\u00fdch v\u00e4z\u0148ov, vojakov \u010cervenej arm\u00e1dy, \u013eud\u00ed, ktor\u00ed sa obetovali za prenasledovan\u00fdch, obete z\u00a0radu sexu\u00e1lnych men\u0161\u00edn, \u013eud\u00ed s\u00a0fyzick\u00fdm alebo ment\u00e1lnym postihnut\u00edm, kres\u0165anov v\u0161etk\u00fdch denomin\u00e1ci\u00ed. Na\u0161\u00edm presved\u010den\u00edm je, \u017ee aj tak\u00fdmito podujatiami m\u00f4\u017eeme prispie\u0165 k\u00a0v\u00e4\u010d\u0161ej tolerancii medzi \u013eu\u010fmi, zabr\u00e1ni\u0165 rozrastaj\u00facej sa xenof\u00f3bii a\u00a0rasizmu.<\/p>\t\t\t\t\t\t\t\t<\/div>\n\t\t\t\t<\/div>\n\t\t\t\t\t<\/div>\n\t\t<\/div>\n\t\t\t\t\t<\/div>\n\t\t<\/section>\n\t\t\t\t<section class=\"elementor-section elementor-top-section elementor-element elementor-element-97dec60 elementor-section-boxed elementor-section-height-default elementor-section-height-default\" data-id=\"97dec60\" data-element_type=\"section\" data-e-type=\"section\">\n\t\t\t\t\t\t<div class=\"elementor-container elementor-column-gap-default\">\n\t\t\t\t\t<div class=\"elementor-column elementor-col-100 elementor-top-column elementor-element elementor-element-9b4307f\" data-id=\"9b4307f\" data-element_type=\"column\" data-e-type=\"column\">\n\t\t\t<div class=\"elementor-widget-wrap elementor-element-populated\">\n\t\t\t\t\t\t<div class=\"elementor-element elementor-element-76f8176 gallery-spacing-custom elementor-widget elementor-widget-image-gallery\" data-id=\"76f8176\" data-element_type=\"widget\" data-e-type=\"widget\" data-settings=\"{&quot;_animation&quot;:&quot;none&quot;}\" data-widget_type=\"image-gallery.default\">\n\t\t\t\t<div class=\"elementor-widget-container\">\n\t\t\t\t\t\t\t<div class=\"elementor-image-gallery\">\n\t\t\t<div id='gallery-1' class='gallery galleryid-2116 gallery-columns-4 gallery-size-thumbnail'><figure class='gallery-item'>\n\t\t\t<div class='gallery-icon landscape'>\n\t\t\t\t<a data-elementor-open-lightbox=\"yes\" data-elementor-lightbox-slideshow=\"76f8176\" data-elementor-lightbox-title=\"10\" data-e-action-hash=\"#elementor-action%3Aaction%3Dlightbox%26settings%3DeyJpZCI6NzQ0LCJ1cmwiOiJodHRwczpcL1wvemlkb3Zza2Fza29sYWxldmljZS5za1wvd3AtY29udGVudFwvdXBsb2Fkc1wvMjAyMlwvMDhcLzEwLmpwZyIsInNsaWRlc2hvdyI6Ijc2ZjgxNzYifQ%3D%3D\" href='https:\/\/zidovskaskolalevice.sk\/wp-content\/uploads\/2022\/08\/10.jpg'><img decoding=\"async\" width=\"150\" height=\"150\" src=\"https:\/\/zidovskaskolalevice.sk\/wp-content\/uploads\/2022\/08\/10-150x150.jpg\" class=\"attachment-thumbnail size-thumbnail\" alt=\"\" \/><\/a>\n\t\t\t<\/div><\/figure><figure class='gallery-item'>\n\t\t\t<div class='gallery-icon landscape'>\n\t\t\t\t<a data-elementor-open-lightbox=\"yes\" data-elementor-lightbox-slideshow=\"76f8176\" data-elementor-lightbox-title=\"1\" data-e-action-hash=\"#elementor-action%3Aaction%3Dlightbox%26settings%3DeyJpZCI6NzQ2LCJ1cmwiOiJodHRwczpcL1wvemlkb3Zza2Fza29sYWxldmljZS5za1wvd3AtY29udGVudFwvdXBsb2Fkc1wvMjAyMlwvMDhcLzEuanBnIiwic2xpZGVzaG93IjoiNzZmODE3NiJ9\" href='https:\/\/zidovskaskolalevice.sk\/wp-content\/uploads\/2022\/08\/1.jpg'><img decoding=\"async\" width=\"150\" height=\"150\" src=\"https:\/\/zidovskaskolalevice.sk\/wp-content\/uploads\/2022\/08\/1-150x150.jpg\" class=\"attachment-thumbnail size-thumbnail\" alt=\"\" \/><\/a>\n\t\t\t<\/div><\/figure><figure class='gallery-item'>\n\t\t\t<div class='gallery-icon landscape'>\n\t\t\t\t<a data-elementor-open-lightbox=\"yes\" data-elementor-lightbox-slideshow=\"76f8176\" data-elementor-lightbox-title=\"2\" data-e-action-hash=\"#elementor-action%3Aaction%3Dlightbox%26settings%3DeyJpZCI6NzQ3LCJ1cmwiOiJodHRwczpcL1wvemlkb3Zza2Fza29sYWxldmljZS5za1wvd3AtY29udGVudFwvdXBsb2Fkc1wvMjAyMlwvMDhcLzIuanBnIiwic2xpZGVzaG93IjoiNzZmODE3NiJ9\" href='https:\/\/zidovskaskolalevice.sk\/wp-content\/uploads\/2022\/08\/2.jpg'><img loading=\"lazy\" decoding=\"async\" width=\"150\" height=\"150\" src=\"https:\/\/zidovskaskolalevice.sk\/wp-content\/uploads\/2022\/08\/2-150x150.jpg\" class=\"attachment-thumbnail size-thumbnail\" alt=\"\" \/><\/a>\n\t\t\t<\/div><\/figure><figure class='gallery-item'>\n\t\t\t<div class='gallery-icon landscape'>\n\t\t\t\t<a data-elementor-open-lightbox=\"yes\" data-elementor-lightbox-slideshow=\"76f8176\" data-elementor-lightbox-title=\"3\" data-e-action-hash=\"#elementor-action%3Aaction%3Dlightbox%26settings%3DeyJpZCI6NzQ4LCJ1cmwiOiJodHRwczpcL1wvemlkb3Zza2Fza29sYWxldmljZS5za1wvd3AtY29udGVudFwvdXBsb2Fkc1wvMjAyMlwvMDhcLzMuanBnIiwic2xpZGVzaG93IjoiNzZmODE3NiJ9\" href='https:\/\/zidovskaskolalevice.sk\/wp-content\/uploads\/2022\/08\/3.jpg'><img loading=\"lazy\" decoding=\"async\" width=\"150\" height=\"150\" src=\"https:\/\/zidovskaskolalevice.sk\/wp-content\/uploads\/2022\/08\/3-150x150.jpg\" class=\"attachment-thumbnail size-thumbnail\" alt=\"\" \/><\/a>\n\t\t\t<\/div><\/figure><figure class='gallery-item'>\n\t\t\t<div class='gallery-icon landscape'>\n\t\t\t\t<a data-elementor-open-lightbox=\"yes\" data-elementor-lightbox-slideshow=\"76f8176\" data-elementor-lightbox-title=\"4\" data-e-action-hash=\"#elementor-action%3Aaction%3Dlightbox%26settings%3DeyJpZCI6NzQ5LCJ1cmwiOiJodHRwczpcL1wvemlkb3Zza2Fza29sYWxldmljZS5za1wvd3AtY29udGVudFwvdXBsb2Fkc1wvMjAyMlwvMDhcLzQtMS5qcGciLCJzbGlkZXNob3ciOiI3NmY4MTc2In0%3D\" href='https:\/\/zidovskaskolalevice.sk\/wp-content\/uploads\/2022\/08\/4-1.jpg'><img loading=\"lazy\" decoding=\"async\" width=\"150\" height=\"150\" src=\"https:\/\/zidovskaskolalevice.sk\/wp-content\/uploads\/2022\/08\/4-1-150x150.jpg\" class=\"attachment-thumbnail size-thumbnail\" alt=\"\" \/><\/a>\n\t\t\t<\/div><\/figure><figure class='gallery-item'>\n\t\t\t<div class='gallery-icon landscape'>\n\t\t\t\t<a data-elementor-open-lightbox=\"yes\" data-elementor-lightbox-slideshow=\"76f8176\" data-elementor-lightbox-title=\"5\" data-e-action-hash=\"#elementor-action%3Aaction%3Dlightbox%26settings%3DeyJpZCI6NzUwLCJ1cmwiOiJodHRwczpcL1wvemlkb3Zza2Fza29sYWxldmljZS5za1wvd3AtY29udGVudFwvdXBsb2Fkc1wvMjAyMlwvMDhcLzUuanBnIiwic2xpZGVzaG93IjoiNzZmODE3NiJ9\" href='https:\/\/zidovskaskolalevice.sk\/wp-content\/uploads\/2022\/08\/5.jpg'><img loading=\"lazy\" decoding=\"async\" width=\"150\" height=\"150\" src=\"https:\/\/zidovskaskolalevice.sk\/wp-content\/uploads\/2022\/08\/5-150x150.jpg\" class=\"attachment-thumbnail size-thumbnail\" alt=\"\" \/><\/a>\n\t\t\t<\/div><\/figure><figure class='gallery-item'>\n\t\t\t<div class='gallery-icon landscape'>\n\t\t\t\t<a data-elementor-open-lightbox=\"yes\" data-elementor-lightbox-slideshow=\"76f8176\" data-elementor-lightbox-title=\"6\" data-e-action-hash=\"#elementor-action%3Aaction%3Dlightbox%26settings%3DeyJpZCI6NzUxLCJ1cmwiOiJodHRwczpcL1wvemlkb3Zza2Fza29sYWxldmljZS5za1wvd3AtY29udGVudFwvdXBsb2Fkc1wvMjAyMlwvMDhcLzYuanBnIiwic2xpZGVzaG93IjoiNzZmODE3NiJ9\" href='https:\/\/zidovskaskolalevice.sk\/wp-content\/uploads\/2022\/08\/6.jpg'><img loading=\"lazy\" decoding=\"async\" width=\"150\" height=\"150\" src=\"https:\/\/zidovskaskolalevice.sk\/wp-content\/uploads\/2022\/08\/6-150x150.jpg\" class=\"attachment-thumbnail size-thumbnail\" alt=\"\" \/><\/a>\n\t\t\t<\/div><\/figure><figure class='gallery-item'>\n\t\t\t<div class='gallery-icon landscape'>\n\t\t\t\t<a data-elementor-open-lightbox=\"yes\" data-elementor-lightbox-slideshow=\"76f8176\" data-elementor-lightbox-title=\"7\" data-e-action-hash=\"#elementor-action%3Aaction%3Dlightbox%26settings%3DeyJpZCI6NzUyLCJ1cmwiOiJodHRwczpcL1wvemlkb3Zza2Fza29sYWxldmljZS5za1wvd3AtY29udGVudFwvdXBsb2Fkc1wvMjAyMlwvMDhcLzcuanBnIiwic2xpZGVzaG93IjoiNzZmODE3NiJ9\" href='https:\/\/zidovskaskolalevice.sk\/wp-content\/uploads\/2022\/08\/7.jpg'><img loading=\"lazy\" decoding=\"async\" width=\"150\" height=\"150\" src=\"https:\/\/zidovskaskolalevice.sk\/wp-content\/uploads\/2022\/08\/7-150x150.jpg\" class=\"attachment-thumbnail size-thumbnail\" alt=\"\" \/><\/a>\n\t\t\t<\/div><\/figure><figure class='gallery-item'>\n\t\t\t<div class='gallery-icon landscape'>\n\t\t\t\t<a data-elementor-open-lightbox=\"yes\" data-elementor-lightbox-slideshow=\"76f8176\" data-elementor-lightbox-title=\"8\" data-e-action-hash=\"#elementor-action%3Aaction%3Dlightbox%26settings%3DeyJpZCI6NzUzLCJ1cmwiOiJodHRwczpcL1wvemlkb3Zza2Fza29sYWxldmljZS5za1wvd3AtY29udGVudFwvdXBsb2Fkc1wvMjAyMlwvMDhcLzguanBnIiwic2xpZGVzaG93IjoiNzZmODE3NiJ9\" href='https:\/\/zidovskaskolalevice.sk\/wp-content\/uploads\/2022\/08\/8.jpg'><img loading=\"lazy\" decoding=\"async\" width=\"150\" height=\"150\" src=\"https:\/\/zidovskaskolalevice.sk\/wp-content\/uploads\/2022\/08\/8-150x150.jpg\" class=\"attachment-thumbnail size-thumbnail\" alt=\"\" \/><\/a>\n\t\t\t<\/div><\/figure>\n\t\t<\/div>\n\t\t<\/div>\n\t\t\t\t\t\t<\/div>\n\t\t\t\t<\/div>\n\t\t\t\t\t<\/div>\n\t\t<\/div>\n\t\t\t\t\t<\/div>\n\t\t<\/section>\n\t\t\t\t<\/div>\n\t\t","protected":false},"excerpt":{"rendered":"<p>Koncentra\u010dn\u00fd t\u00e1bor Auschwitz-Birkenau pri po\u013eskom meste Osvien\u010dim sa natrvalo stal symbolom holokaustu a\u00a0zlo\u010dinov obrovsk\u00fdch rozmerov, ktor\u00e9 sp\u00e1chalo hitlerovsk\u00e9 Nemecko. Najv\u00e4\u010d\u0161ia nacistick\u00e1 tov\u00e1re\u0148 na smr\u0165 vznikla na jar 1940. Nacisti zavra\u017edili v tomto a v pri\u013eahlom\u00a0t\u00e1bore Auschwitz-Birkenau\u00a0medzi rokmi 1940 a 1945 asi 1,1 mili\u00f3na \u013eud\u00ed. \u00a027.janu\u00e1r 1945 bol d\u0148om, ke\u010f do t\u00e1bora vst\u00fapili sovietski vojaci, pr\u00edslu\u0161n\u00edci <a class=\"read-more\" href=\"https:\/\/zidovskaskolalevice.sk\/?page_id=2116\">Read More<\/a><\/p>\n","protected":false},"author":1,"featured_media":0,"parent":0,"menu_order":0,"comment_status":"closed","ping_status":"closed","template":"","meta":{"om_disable_all_campaigns":false,"_monsterinsights_skip_tracking":false,"_monsterinsights_sitenote_active":false,"_monsterinsights_sitenote_note":"","_monsterinsights_sitenote_category":0,"_uf_show_specific_survey":0,"_uf_disable_surveys":false,"ngg_post_thumbnail":0,"footnotes":""},"class_list":["post-2116","page","type-page","status-publish","hentry"],"yoast_head":"<!-- This site is optimized with the Yoast SEO plugin v27.5 - https:\/\/yoast.com\/product\/yoast-seo-wordpress\/ -->\n<title>Spomienkov\u00fd ve\u010der pri pr\u00edle\u017eitosti 77. v\u00fdro\u010dia oslobodenia Osvien\u010dimu - Projekt na obnovu n\u00e1rodnej kult\u00farnej pamiatky \u017didovsk\u00e1 \u0161kola Levice<\/title>\n<meta name=\"robots\" content=\"index, follow, max-snippet:-1, max-image-preview:large, max-video-preview:-1\" \/>\n<link rel=\"canonical\" href=\"https:\/\/zidovskaskolalevice.sk\/?page_id=2116\" \/>\n<meta property=\"og:locale\" content=\"sk_SK\" \/>\n<meta property=\"og:type\" content=\"article\" \/>\n<meta property=\"og:title\" content=\"Spomienkov\u00fd ve\u010der pri pr\u00edle\u017eitosti 77. v\u00fdro\u010dia oslobodenia Osvien\u010dimu - Projekt na obnovu n\u00e1rodnej kult\u00farnej pamiatky \u017didovsk\u00e1 \u0161kola Levice\" \/>\n<meta property=\"og:description\" content=\"Koncentra\u010dn\u00fd t\u00e1bor Auschwitz-Birkenau pri po\u013eskom meste Osvien\u010dim sa natrvalo stal symbolom holokaustu a\u00a0zlo\u010dinov obrovsk\u00fdch rozmerov, ktor\u00e9 sp\u00e1chalo hitlerovsk\u00e9 Nemecko. Najv\u00e4\u010d\u0161ia nacistick\u00e1 tov\u00e1re\u0148 na smr\u0165 vznikla na jar 1940. Nacisti zavra\u017edili v tomto a v pri\u013eahlom\u00a0t\u00e1bore Auschwitz-Birkenau\u00a0medzi rokmi 1940 a 1945 asi 1,1 mili\u00f3na \u013eud\u00ed. \u00a027.janu\u00e1r 1945 bol d\u0148om, ke\u010f do t\u00e1bora vst\u00fapili sovietski vojaci, pr\u00edslu\u0161n\u00edci Read More\" \/>\n<meta property=\"og:url\" content=\"https:\/\/zidovskaskolalevice.sk\/?page_id=2116\" \/>\n<meta property=\"og:site_name\" content=\"Projekt na obnovu n\u00e1rodnej kult\u00farnej pamiatky \u017didovsk\u00e1 \u0161kola Levice\" \/>\n<meta property=\"article:modified_time\" content=\"2024-06-25T08:14:41+00:00\" \/>\n<meta property=\"og:image\" content=\"http:\/\/zidovskaskolalevice.sk\/wp-content\/uploads\/2024\/06\/plagat_sm-724x1024.jpg\" \/>\n<meta name=\"twitter:card\" content=\"summary_large_image\" \/>\n<meta name=\"twitter:label1\" content=\"Predpokladan\u00fd \u010das \u010d\u00edtania\" \/>\n\t<meta name=\"twitter:data1\" content=\"4 min\u00faty\" \/>\n<script type=\"application\/ld+json\" class=\"yoast-schema-graph\">{\"@context\":\"https:\\\/\\\/schema.org\",\"@graph\":[{\"@type\":\"WebPage\",\"@id\":\"https:\\\/\\\/zidovskaskolalevice.sk\\\/?page_id=2116\",\"url\":\"https:\\\/\\\/zidovskaskolalevice.sk\\\/?page_id=2116\",\"name\":\"Spomienkov\u00fd ve\u010der pri pr\u00edle\u017eitosti 77. v\u00fdro\u010dia oslobodenia Osvien\u010dimu - Projekt na obnovu n\u00e1rodnej kult\u00farnej pamiatky \u017didovsk\u00e1 \u0161kola Levice\",\"isPartOf\":{\"@id\":\"https:\\\/\\\/zidovskaskolalevice.sk\\\/#website\"},\"primaryImageOfPage\":{\"@id\":\"https:\\\/\\\/zidovskaskolalevice.sk\\\/?page_id=2116#primaryimage\"},\"image\":{\"@id\":\"https:\\\/\\\/zidovskaskolalevice.sk\\\/?page_id=2116#primaryimage\"},\"thumbnailUrl\":\"http:\\\/\\\/zidovskaskolalevice.sk\\\/wp-content\\\/uploads\\\/2024\\\/06\\\/plagat_sm-724x1024.jpg\",\"datePublished\":\"2024-06-25T05:33:06+00:00\",\"dateModified\":\"2024-06-25T08:14:41+00:00\",\"breadcrumb\":{\"@id\":\"https:\\\/\\\/zidovskaskolalevice.sk\\\/?page_id=2116#breadcrumb\"},\"inLanguage\":\"sk-SK\",\"potentialAction\":[{\"@type\":\"ReadAction\",\"target\":[\"https:\\\/\\\/zidovskaskolalevice.sk\\\/?page_id=2116\"]}]},{\"@type\":\"ImageObject\",\"inLanguage\":\"sk-SK\",\"@id\":\"https:\\\/\\\/zidovskaskolalevice.sk\\\/?page_id=2116#primaryimage\",\"url\":\"http:\\\/\\\/zidovskaskolalevice.sk\\\/wp-content\\\/uploads\\\/2024\\\/06\\\/plagat_sm-724x1024.jpg\",\"contentUrl\":\"http:\\\/\\\/zidovskaskolalevice.sk\\\/wp-content\\\/uploads\\\/2024\\\/06\\\/plagat_sm-724x1024.jpg\"},{\"@type\":\"BreadcrumbList\",\"@id\":\"https:\\\/\\\/zidovskaskolalevice.sk\\\/?page_id=2116#breadcrumb\",\"itemListElement\":[{\"@type\":\"ListItem\",\"position\":1,\"name\":\"Home\",\"item\":\"https:\\\/\\\/zidovskaskolalevice.sk\\\/\"},{\"@type\":\"ListItem\",\"position\":2,\"name\":\"Spomienkov\u00fd ve\u010der pri pr\u00edle\u017eitosti 77. v\u00fdro\u010dia oslobodenia Osvien\u010dimu\"}]},{\"@type\":\"WebSite\",\"@id\":\"https:\\\/\\\/zidovskaskolalevice.sk\\\/#website\",\"url\":\"https:\\\/\\\/zidovskaskolalevice.sk\\\/\",\"name\":\"Projekt na obnovu n\u00e1rodnej kult\u00farnej pamiatky \u017didovsk\u00e1 \u0161kola Levice\",\"description\":\"Projekt na obnovu n\u00e1rodnej kult\u00farnej pamiatky \u017didovsk\u00e1 \u0161kola Levice\",\"publisher\":{\"@id\":\"https:\\\/\\\/zidovskaskolalevice.sk\\\/#organization\"},\"potentialAction\":[{\"@type\":\"SearchAction\",\"target\":{\"@type\":\"EntryPoint\",\"urlTemplate\":\"https:\\\/\\\/zidovskaskolalevice.sk\\\/?s={search_term_string}\"},\"query-input\":{\"@type\":\"PropertyValueSpecification\",\"valueRequired\":true,\"valueName\":\"search_term_string\"}}],\"inLanguage\":\"sk-SK\"},{\"@type\":\"Organization\",\"@id\":\"https:\\\/\\\/zidovskaskolalevice.sk\\\/#organization\",\"name\":\"Projekt na obnovu n\u00e1rodnej kult\u00farnej pamiatky \u017didovsk\u00e1 \u0161kola Levice\",\"url\":\"https:\\\/\\\/zidovskaskolalevice.sk\\\/\",\"logo\":{\"@type\":\"ImageObject\",\"inLanguage\":\"sk-SK\",\"@id\":\"https:\\\/\\\/zidovskaskolalevice.sk\\\/#\\\/schema\\\/logo\\\/image\\\/\",\"url\":\"https:\\\/\\\/zidovskaskolalevice.sk\\\/wp-content\\\/uploads\\\/2023\\\/03\\\/cropped-logo_spravne-2.jpg\",\"contentUrl\":\"https:\\\/\\\/zidovskaskolalevice.sk\\\/wp-content\\\/uploads\\\/2023\\\/03\\\/cropped-logo_spravne-2.jpg\",\"width\":680,\"height\":237,\"caption\":\"Projekt na obnovu n\u00e1rodnej kult\u00farnej pamiatky \u017didovsk\u00e1 \u0161kola Levice\"},\"image\":{\"@id\":\"https:\\\/\\\/zidovskaskolalevice.sk\\\/#\\\/schema\\\/logo\\\/image\\\/\"}}]}<\/script>\n<!-- \/ Yoast SEO plugin. -->","yoast_head_json":{"title":"Spomienkov\u00fd ve\u010der pri pr\u00edle\u017eitosti 77. v\u00fdro\u010dia oslobodenia Osvien\u010dimu - Projekt na obnovu n\u00e1rodnej kult\u00farnej pamiatky \u017didovsk\u00e1 \u0161kola Levice","robots":{"index":"index","follow":"follow","max-snippet":"max-snippet:-1","max-image-preview":"max-image-preview:large","max-video-preview":"max-video-preview:-1"},"canonical":"https:\/\/zidovskaskolalevice.sk\/?page_id=2116","og_locale":"sk_SK","og_type":"article","og_title":"Spomienkov\u00fd ve\u010der pri pr\u00edle\u017eitosti 77. v\u00fdro\u010dia oslobodenia Osvien\u010dimu - Projekt na obnovu n\u00e1rodnej kult\u00farnej pamiatky \u017didovsk\u00e1 \u0161kola Levice","og_description":"Koncentra\u010dn\u00fd t\u00e1bor Auschwitz-Birkenau pri po\u013eskom meste Osvien\u010dim sa natrvalo stal symbolom holokaustu a\u00a0zlo\u010dinov obrovsk\u00fdch rozmerov, ktor\u00e9 sp\u00e1chalo hitlerovsk\u00e9 Nemecko. Najv\u00e4\u010d\u0161ia nacistick\u00e1 tov\u00e1re\u0148 na smr\u0165 vznikla na jar 1940. Nacisti zavra\u017edili v tomto a v pri\u013eahlom\u00a0t\u00e1bore Auschwitz-Birkenau\u00a0medzi rokmi 1940 a 1945 asi 1,1 mili\u00f3na \u013eud\u00ed. \u00a027.janu\u00e1r 1945 bol d\u0148om, ke\u010f do t\u00e1bora vst\u00fapili sovietski vojaci, pr\u00edslu\u0161n\u00edci Read More","og_url":"https:\/\/zidovskaskolalevice.sk\/?page_id=2116","og_site_name":"Projekt na obnovu n\u00e1rodnej kult\u00farnej pamiatky \u017didovsk\u00e1 \u0161kola Levice","article_modified_time":"2024-06-25T08:14:41+00:00","og_image":[{"url":"http:\/\/zidovskaskolalevice.sk\/wp-content\/uploads\/2024\/06\/plagat_sm-724x1024.jpg","type":"","width":"","height":""}],"twitter_card":"summary_large_image","twitter_misc":{"Predpokladan\u00fd \u010das \u010d\u00edtania":"4 min\u00faty"},"schema":{"@context":"https:\/\/schema.org","@graph":[{"@type":"WebPage","@id":"https:\/\/zidovskaskolalevice.sk\/?page_id=2116","url":"https:\/\/zidovskaskolalevice.sk\/?page_id=2116","name":"Spomienkov\u00fd ve\u010der pri pr\u00edle\u017eitosti 77. v\u00fdro\u010dia oslobodenia Osvien\u010dimu - Projekt na obnovu n\u00e1rodnej kult\u00farnej pamiatky \u017didovsk\u00e1 \u0161kola Levice","isPartOf":{"@id":"https:\/\/zidovskaskolalevice.sk\/#website"},"primaryImageOfPage":{"@id":"https:\/\/zidovskaskolalevice.sk\/?page_id=2116#primaryimage"},"image":{"@id":"https:\/\/zidovskaskolalevice.sk\/?page_id=2116#primaryimage"},"thumbnailUrl":"http:\/\/zidovskaskolalevice.sk\/wp-content\/uploads\/2024\/06\/plagat_sm-724x1024.jpg","datePublished":"2024-06-25T05:33:06+00:00","dateModified":"2024-06-25T08:14:41+00:00","breadcrumb":{"@id":"https:\/\/zidovskaskolalevice.sk\/?page_id=2116#breadcrumb"},"inLanguage":"sk-SK","potentialAction":[{"@type":"ReadAction","target":["https:\/\/zidovskaskolalevice.sk\/?page_id=2116"]}]},{"@type":"ImageObject","inLanguage":"sk-SK","@id":"https:\/\/zidovskaskolalevice.sk\/?page_id=2116#primaryimage","url":"http:\/\/zidovskaskolalevice.sk\/wp-content\/uploads\/2024\/06\/plagat_sm-724x1024.jpg","contentUrl":"http:\/\/zidovskaskolalevice.sk\/wp-content\/uploads\/2024\/06\/plagat_sm-724x1024.jpg"},{"@type":"BreadcrumbList","@id":"https:\/\/zidovskaskolalevice.sk\/?page_id=2116#breadcrumb","itemListElement":[{"@type":"ListItem","position":1,"name":"Home","item":"https:\/\/zidovskaskolalevice.sk\/"},{"@type":"ListItem","position":2,"name":"Spomienkov\u00fd ve\u010der pri pr\u00edle\u017eitosti 77. v\u00fdro\u010dia oslobodenia Osvien\u010dimu"}]},{"@type":"WebSite","@id":"https:\/\/zidovskaskolalevice.sk\/#website","url":"https:\/\/zidovskaskolalevice.sk\/","name":"Projekt na obnovu n\u00e1rodnej kult\u00farnej pamiatky \u017didovsk\u00e1 \u0161kola Levice","description":"Projekt na obnovu n\u00e1rodnej kult\u00farnej pamiatky \u017didovsk\u00e1 \u0161kola Levice","publisher":{"@id":"https:\/\/zidovskaskolalevice.sk\/#organization"},"potentialAction":[{"@type":"SearchAction","target":{"@type":"EntryPoint","urlTemplate":"https:\/\/zidovskaskolalevice.sk\/?s={search_term_string}"},"query-input":{"@type":"PropertyValueSpecification","valueRequired":true,"valueName":"search_term_string"}}],"inLanguage":"sk-SK"},{"@type":"Organization","@id":"https:\/\/zidovskaskolalevice.sk\/#organization","name":"Projekt na obnovu n\u00e1rodnej kult\u00farnej pamiatky \u017didovsk\u00e1 \u0161kola Levice","url":"https:\/\/zidovskaskolalevice.sk\/","logo":{"@type":"ImageObject","inLanguage":"sk-SK","@id":"https:\/\/zidovskaskolalevice.sk\/#\/schema\/logo\/image\/","url":"https:\/\/zidovskaskolalevice.sk\/wp-content\/uploads\/2023\/03\/cropped-logo_spravne-2.jpg","contentUrl":"https:\/\/zidovskaskolalevice.sk\/wp-content\/uploads\/2023\/03\/cropped-logo_spravne-2.jpg","width":680,"height":237,"caption":"Projekt na obnovu n\u00e1rodnej kult\u00farnej pamiatky \u017didovsk\u00e1 \u0161kola Levice"},"image":{"@id":"https:\/\/zidovskaskolalevice.sk\/#\/schema\/logo\/image\/"}}]}},"_links":{"self":[{"href":"https:\/\/zidovskaskolalevice.sk\/index.php?rest_route=\/wp\/v2\/pages\/2116","targetHints":{"allow":["GET"]}}],"collection":[{"href":"https:\/\/zidovskaskolalevice.sk\/index.php?rest_route=\/wp\/v2\/pages"}],"about":[{"href":"https:\/\/zidovskaskolalevice.sk\/index.php?rest_route=\/wp\/v2\/types\/page"}],"author":[{"embeddable":true,"href":"https:\/\/zidovskaskolalevice.sk\/index.php?rest_route=\/wp\/v2\/users\/1"}],"replies":[{"embeddable":true,"href":"https:\/\/zidovskaskolalevice.sk\/index.php?rest_route=%2Fwp%2Fv2%2Fcomments&post=2116"}],"version-history":[{"count":6,"href":"https:\/\/zidovskaskolalevice.sk\/index.php?rest_route=\/wp\/v2\/pages\/2116\/revisions"}],"predecessor-version":[{"id":2575,"href":"https:\/\/zidovskaskolalevice.sk\/index.php?rest_route=\/wp\/v2\/pages\/2116\/revisions\/2575"}],"wp:attachment":[{"href":"https:\/\/zidovskaskolalevice.sk\/index.php?rest_route=%2Fwp%2Fv2%2Fmedia&parent=2116"}],"curies":[{"name":"wp","href":"https:\/\/api.w.org\/{rel}","templated":true}]}}