{"id":35,"date":"2021-11-04T13:28:30","date_gmt":"2021-11-04T12:28:30","guid":{"rendered":"http:\/\/zidovskaskolalevice.sk\/?page_id=35"},"modified":"2025-08-06T12:06:42","modified_gmt":"2025-08-06T10:06:42","slug":"o-projekte","status":"publish","type":"page","link":"https:\/\/zidovskaskolalevice.sk\/?page_id=35","title":{"rendered":"O projekte"},"content":{"rendered":"\t\t<div data-elementor-type=\"wp-page\" data-elementor-id=\"35\" class=\"elementor elementor-35\">\n\t\t\t\t\t\t<section class=\"elementor-section elementor-top-section elementor-element elementor-element-3cc7a12 elementor-section-full_width elementor-section-height-default elementor-section-height-default\" data-id=\"3cc7a12\" data-element_type=\"section\" data-e-type=\"section\">\n\t\t\t\t\t\t\t<div class=\"elementor-background-overlay\"><\/div>\n\t\t\t\t\t\t\t<div class=\"elementor-container elementor-column-gap-default\">\n\t\t\t\t\t<div class=\"elementor-column elementor-col-100 elementor-top-column elementor-element elementor-element-9e86919\" data-id=\"9e86919\" data-element_type=\"column\" data-e-type=\"column\">\n\t\t\t<div class=\"elementor-widget-wrap elementor-element-populated\">\n\t\t\t\t\t\t<section class=\"elementor-section elementor-inner-section elementor-element elementor-element-9e54727 elementor-section-boxed elementor-section-height-default elementor-section-height-default\" data-id=\"9e54727\" data-element_type=\"section\" data-e-type=\"section\">\n\t\t\t\t\t\t<div class=\"elementor-container elementor-column-gap-default\">\n\t\t\t\t\t<div class=\"elementor-column elementor-col-50 elementor-inner-column elementor-element elementor-element-57af08a\" data-id=\"57af08a\" data-element_type=\"column\" data-e-type=\"column\">\n\t\t\t<div class=\"elementor-widget-wrap elementor-element-populated\">\n\t\t\t\t\t\t<div class=\"elementor-element elementor-element-713d099 elementor-widget elementor-widget-image\" data-id=\"713d099\" data-element_type=\"widget\" data-e-type=\"widget\" data-widget_type=\"image.default\">\n\t\t\t\t<div class=\"elementor-widget-container\">\n\t\t\t\t\t\t\t\t\t\t\t\t\t\t\t<img fetchpriority=\"high\" decoding=\"async\" width=\"526\" height=\"526\" src=\"https:\/\/zidovskaskolalevice.sk\/wp-content\/uploads\/2021\/11\/252810054_245347877627709_5644108497354073766_n.jpg\" class=\"attachment-large size-large wp-image-140\" alt=\"\" srcset=\"https:\/\/zidovskaskolalevice.sk\/wp-content\/uploads\/2021\/11\/252810054_245347877627709_5644108497354073766_n.jpg 526w, https:\/\/zidovskaskolalevice.sk\/wp-content\/uploads\/2021\/11\/252810054_245347877627709_5644108497354073766_n-300x300.jpg 300w, https:\/\/zidovskaskolalevice.sk\/wp-content\/uploads\/2021\/11\/252810054_245347877627709_5644108497354073766_n-150x150.jpg 150w\" sizes=\"(max-width: 526px) 100vw, 526px\" \/>\t\t\t\t\t\t\t\t\t\t\t\t\t\t\t<\/div>\n\t\t\t\t<\/div>\n\t\t\t\t\t<\/div>\n\t\t<\/div>\n\t\t\t\t<div class=\"elementor-column elementor-col-50 elementor-inner-column elementor-element elementor-element-ea17484\" data-id=\"ea17484\" data-element_type=\"column\" data-e-type=\"column\">\n\t\t\t<div class=\"elementor-widget-wrap elementor-element-populated\">\n\t\t\t\t\t\t<div class=\"elementor-element elementor-element-c097324 elementor-widget elementor-widget-text-editor\" data-id=\"c097324\" data-element_type=\"widget\" data-e-type=\"widget\" data-widget_type=\"text-editor.default\">\n\t\t\t\t<div class=\"elementor-widget-container\">\n\t\t\t\t\t\t\t\t\t<p><strong>Z\u00e1kladn\u00e9 inform\u00e1cie:<br \/><\/strong><\/p><ul><li>N\u00e1zov projektu: Obnova n\u00e1rodnej kult\u00farnej pamiatky &#8211; \u017eidovsk\u00e1 \u0161kola Levice<\/li><li>Pr\u00edjemca: Mestsk\u00e9 kult\u00farne stredisko Levice<\/li><\/ul><p><strong>Rozpo\u010det projektu<\/strong> : 1 540 763 \u20ac<br \/><strong>V\u00fd\u0161ka grantu<\/strong>: 1 140 166 \u20ac (1 125 166\u00a0 \u017eiadate\u013e, 15 000 partner 3)<br \/><strong>Spolufinancovanie:<\/strong> 400 597 \u20ac<br \/><strong>EHP:<\/strong> 969 141 \u20ac<br \/><strong>SR:<\/strong> 171 025 \u20ac<\/p><p><strong>Partneri projektu:<\/strong><\/p><ul><li>Partner 1 &#8211; Mesto Levice<\/li><li>Partner 2 &#8211; Z\u00e1kladn\u00e1 umeleck\u00e1 \u0161kola P\u00e1la Kadosu Levice<\/li><li>Partner 3 &#8211; DMP Bod\u00f8<\/li><\/ul><p><strong>Doba trvania projektu: <\/strong>14.12.2020 do 30.4.2024<\/p><div>\u00a054<\/div>\t\t\t\t\t\t\t\t<\/div>\n\t\t\t\t<\/div>\n\t\t\t\t\t<\/div>\n\t\t<\/div>\n\t\t\t\t\t<\/div>\n\t\t<\/section>\n\t\t\t\t<div class=\"elementor-element elementor-element-de15715 elementor-widget elementor-widget-text-editor\" data-id=\"de15715\" data-element_type=\"widget\" data-e-type=\"widget\" data-widget_type=\"text-editor.default\">\n\t\t\t\t<div class=\"elementor-widget-container\">\n\t\t\t\t\t\t\t\t\t<p>B\u00fdval\u00e1 \u017eidovsk\u00e1 \u0161kola je u\u017e roky nevyu\u017eit\u00e1 a\u00a0v\u00a0zlom technickom stave. Budova je z\u00e1rove\u0148 s\u00fa\u010das\u0165ou kult\u00farnej pamiatky \u2013 Synag\u00f3gy Levice. Je to architektonick\u00fd skvost funkcionalizmu\u00a0 ( <em>architektonick\u00fd \u0161t\u00fdl, ktor\u00fd sa vyvinul kr\u00e1tko po prvej svetovej vojne. \u0160\u00edril sa spolu so sl\u00e1vnym \u0161t\u00fdlom art-deco, napriek tomu, ako ve\u013emi sa tieto dva \u0161t\u00fdly od seba odli\u0161ovali. Funkcionalizmus je \u0161t\u00fdl, kde m\u00e1 ka\u017ed\u00e1 \u010das\u0165 budovy svoj \u00fa\u010del, \u010do viedlo k\u00a0absencii ornamentov, symetrie alebo dekora\u010dn\u00fdch prvkov. To v\u0161etko malo sp\u013a\u0148a\u0165 motto \u201eForma nasleduje funkciu\u201c<\/em>), a\u00a0preto n\u00e1m nie je \u013eahostajn\u00fd jej osud.<\/p><p>Mestsk\u00e9 kult\u00farne stredisko Levice v\u00a0spolupr\u00e1ci s\u00a0mestom Levice maj\u00fa dlhodob\u00fd z\u00e1ujem vytvori\u0165 priestor pre vzdel\u00e1vanie, kult\u00farne aktivity, ako centrum tvorivosti mesta a\u00a0regi\u00f3nu spolu so st\u00e1lou expoz\u00edciou o\u00a0\u017eivote ob\u010danov \u017eidovskej n\u00e1rodnosti v meste Levice a\u00a0bl\u00edzkom regi\u00f3ne.<\/p><p>Zrekon\u0161truovan\u00e1 budova bude sl\u00fa\u017ei\u0165 ako priestor pre vzdel\u00e1vanie. Radi priv\u00edtame predov\u0161etk\u00fdm \u017eiakov, \u0161tudentov a\u00a0ich pedag\u00f3gov na zauj\u00edmav\u00fdch besed\u00e1ch, predn\u00e1\u0161kach. Okrem st\u00e1lej expoz\u00edcie o\u00a0\u017eivote \u017didov v\u00a0na\u0161om meste a\u00a0okol\u00ed tu bude zriaden\u00e1 vizualiz\u00e1cia virtu\u00e1lnej reality geta v\u00a0Leviciach, men\u00e1 deportovan\u00fdch \u017didov, ich odsun 13.6. 1944 z\u00a0mesta do koncentra\u010dn\u00e9ho t\u00e1bora Osvien\u010dim.\u00a0 T\u00e1to realistick\u00e1 a\u00a0siln\u00e1 forma prezent\u00e1cie m\u00e1 za cie\u013e uvedomi\u0165 si, kam n\u00e1s m\u00f4\u017eu dosta\u0165 predsudky a\u00a0rasistick\u00e9 myslenie. Zauj\u00edmav\u00fd form\u00e1t bude s\u00fa\u010das\u0165ou z\u00e1\u017eitkov\u00e9ho vzdel\u00e1vania a\u00a0ver\u00edme, \u017ee pom\u00f4\u017eeme pedag\u00f3gom p\u00fatavou met\u00f3dou ozrejmi\u0165 mlad\u00fdm \u013eu\u010fom \u010das\u0165 na\u0161ej smutnej a\u00a0\u0165a\u017ekej hist\u00f3rie.<\/p><p>V\u00a0Centre tolerancie, ako sme si to nazvali, bud\u00fa organizovan\u00e9 aj zauj\u00edmav\u00e9 v\u00fdstavy, kult\u00farne podujatia (divadl\u00e1 mal\u00fdch javiskov\u00fdch foriem), koncerty, workshopy, prezent\u00e1cia \u013eudov\u00fdch umelcov a\u00a0remeseln\u00edkov, kde sa pod rukami sk\u00fasen\u00fdch lektorov bud\u00fa m\u00f4c\u0165 n\u00e1v\u0161tevn\u00edci nau\u010di\u0165 zabudnut\u00e9 remesl\u00e1, rozv\u00edja\u0165 svoju kreativitu. Pon\u00fakneme priestor pre stret\u00e1vanie seniorov, \u013eud\u00ed so Z\u0164P a\u00a0zmyslupln\u00e9 vyu\u017eitie \u010dasu str\u00e1ven\u00e9ho pri kreat\u00edvnej pr\u00e1ci a\u00a0v\u00a0kolekt\u00edve. Vieme, \u017ee socializ\u00e1cia vo vy\u0161\u0161om veku, dobr\u00e1 psychick\u00e1 pohoda a\u00a0pr\u00e1ca pom\u00e1haj\u00fa udr\u017ea\u0165 si zdrav\u00fa a\u00a0pozit\u00edvnu myse\u013e a\u00a0t\u00fdm aj telesn\u00e9 zdravie.<\/p><p>Pl\u00e1nujeme zriadi\u0165 aj mal\u00fd obchod\u00edk, kde si bud\u00fa m\u00f4c\u0165 n\u00e1v\u0161tevn\u00edci zak\u00fapi\u0165 upomienkov\u00e9 predmety, v\u00fdrobky z\u00a0na\u0161ich workshopov, odborn\u00e9 publik\u00e1cie k\u00a0t\u00e9me \u017eidovskej kult\u00fary \u010di hist\u00f3rie. S\u00fa\u010das\u0165ou bude aj kaviarni\u010dka, kde si bud\u00fa m\u00f4c\u0165 n\u00e1v\u0161tevn\u00edci posedie\u0165 pri vo\u0148avej k\u00e1vi\u010dke \u010di kol\u00e1\u010diku a\u00a0umelci n\u00e1jdu pr\u00edjemn\u00e9 z\u00e1zemie a\u00a0radi sa bud\u00fa vraca\u0165 do n\u00e1\u0161ho mesta.<\/p><p>St\u00e1lou expoz\u00edciou, kaviar\u0148ou, virtu\u00e1lnou realitou vytvor\u00edme celoro\u010dne funguj\u00face stredisko cestovn\u00e9ho ruchu v\u00a0meste Levice a\u00a0zv\u00fd\u0161ime jeho atraktivitu.<\/p><p>Z\u00e1rove\u0148 ver\u00edme, \u017ee prezent\u00e1ciou men\u0161\u00edn a\u00a0pouk\u00e1zan\u00edm na minulos\u0165 \u017eidovskej obce na na\u0161om \u00fazem\u00ed dosiahneme pozit\u00edvny efekt v\u00a0spolo\u010dnosti.<\/p><p>Granty EHP n\u00e1m poskytli mo\u017enos\u0165, ako do projektu zahrn\u00fa\u0165 \u0161irok\u00e9 spektrum aktiv\u00edt a zapoji\u0165 k\u013e\u00fa\u010dov\u00fdch partnerov do realiz\u00e1cie projektu, s ktor\u00fdmi budeme udr\u017eiava\u0165 partnersk\u00e9 vz\u0165ahy aj po realiz\u00e1cii projektu.<\/p>\t\t\t\t\t\t\t\t<\/div>\n\t\t\t\t<\/div>\n\t\t\t\t\t<\/div>\n\t\t<\/div>\n\t\t\t\t\t<\/div>\n\t\t<\/section>\n\t\t\t\t<\/div>\n\t\t","protected":false},"excerpt":{"rendered":"<p>Z\u00e1kladn\u00e9 inform\u00e1cie: N\u00e1zov projektu: Obnova n\u00e1rodnej kult\u00farnej pamiatky &#8211; \u017eidovsk\u00e1 \u0161kola Levice Pr\u00edjemca: Mestsk\u00e9 kult\u00farne stredisko Levice Rozpo\u010det projektu : 1 540 763 \u20acV\u00fd\u0161ka grantu: 1 140 166 \u20ac (1 125 166\u00a0 \u017eiadate\u013e, 15 000 partner 3)Spolufinancovanie: 400 597 \u20acEHP: 969 141 \u20acSR: 171 025 \u20ac Partneri projektu: Partner 1 &#8211; Mesto Levice Partner 2 <a class=\"read-more\" href=\"https:\/\/zidovskaskolalevice.sk\/?page_id=35\">Read More<\/a><\/p>\n","protected":false},"author":1,"featured_media":0,"parent":0,"menu_order":0,"comment_status":"closed","ping_status":"closed","template":"","meta":{"om_disable_all_campaigns":false,"_monsterinsights_skip_tracking":false,"_monsterinsights_sitenote_active":false,"_monsterinsights_sitenote_note":"","_monsterinsights_sitenote_category":0,"_uf_show_specific_survey":0,"_uf_disable_surveys":false,"ngg_post_thumbnail":0,"footnotes":""},"class_list":["post-35","page","type-page","status-publish","hentry"],"yoast_head":"<!-- This site is optimized with the Yoast SEO plugin v27.5 - https:\/\/yoast.com\/product\/yoast-seo-wordpress\/ -->\n<title>O projekte - Projekt na obnovu n\u00e1rodnej kult\u00farnej pamiatky \u017didovsk\u00e1 \u0161kola Levice<\/title>\n<meta name=\"robots\" content=\"index, follow, max-snippet:-1, max-image-preview:large, max-video-preview:-1\" \/>\n<link rel=\"canonical\" href=\"https:\/\/zidovskaskolalevice.sk\/?page_id=35\" \/>\n<meta property=\"og:locale\" content=\"sk_SK\" \/>\n<meta property=\"og:type\" content=\"article\" \/>\n<meta property=\"og:title\" content=\"O projekte - Projekt na obnovu n\u00e1rodnej kult\u00farnej pamiatky \u017didovsk\u00e1 \u0161kola Levice\" \/>\n<meta property=\"og:description\" content=\"Z\u00e1kladn\u00e9 inform\u00e1cie: N\u00e1zov projektu: Obnova n\u00e1rodnej kult\u00farnej pamiatky &#8211; \u017eidovsk\u00e1 \u0161kola Levice Pr\u00edjemca: Mestsk\u00e9 kult\u00farne stredisko Levice Rozpo\u010det projektu : 1 540 763 \u20acV\u00fd\u0161ka grantu: 1 140 166 \u20ac (1 125 166\u00a0 \u017eiadate\u013e, 15 000 partner 3)Spolufinancovanie: 400 597 \u20acEHP: 969 141 \u20acSR: 171 025 \u20ac Partneri projektu: Partner 1 &#8211; Mesto Levice Partner 2 Read More\" \/>\n<meta property=\"og:url\" content=\"https:\/\/zidovskaskolalevice.sk\/?page_id=35\" \/>\n<meta property=\"og:site_name\" content=\"Projekt na obnovu n\u00e1rodnej kult\u00farnej pamiatky \u017didovsk\u00e1 \u0161kola Levice\" \/>\n<meta property=\"article:modified_time\" content=\"2025-08-06T10:06:42+00:00\" \/>\n<meta property=\"og:image\" content=\"http:\/\/zidovskaskolalevice.sk\/wp-content\/uploads\/2021\/11\/252810054_245347877627709_5644108497354073766_n.jpg\" \/>\n<meta name=\"twitter:card\" content=\"summary_large_image\" \/>\n<meta name=\"twitter:label1\" content=\"Predpokladan\u00fd \u010das \u010d\u00edtania\" \/>\n\t<meta name=\"twitter:data1\" content=\"3 min\u00faty\" \/>\n<script type=\"application\/ld+json\" class=\"yoast-schema-graph\">{\"@context\":\"https:\\\/\\\/schema.org\",\"@graph\":[{\"@type\":\"WebPage\",\"@id\":\"https:\\\/\\\/zidovskaskolalevice.sk\\\/?page_id=35\",\"url\":\"https:\\\/\\\/zidovskaskolalevice.sk\\\/?page_id=35\",\"name\":\"O projekte - Projekt na obnovu n\u00e1rodnej kult\u00farnej pamiatky \u017didovsk\u00e1 \u0161kola Levice\",\"isPartOf\":{\"@id\":\"https:\\\/\\\/zidovskaskolalevice.sk\\\/#website\"},\"primaryImageOfPage\":{\"@id\":\"https:\\\/\\\/zidovskaskolalevice.sk\\\/?page_id=35#primaryimage\"},\"image\":{\"@id\":\"https:\\\/\\\/zidovskaskolalevice.sk\\\/?page_id=35#primaryimage\"},\"thumbnailUrl\":\"http:\\\/\\\/zidovskaskolalevice.sk\\\/wp-content\\\/uploads\\\/2021\\\/11\\\/252810054_245347877627709_5644108497354073766_n.jpg\",\"datePublished\":\"2021-11-04T12:28:30+00:00\",\"dateModified\":\"2025-08-06T10:06:42+00:00\",\"breadcrumb\":{\"@id\":\"https:\\\/\\\/zidovskaskolalevice.sk\\\/?page_id=35#breadcrumb\"},\"inLanguage\":\"sk-SK\",\"potentialAction\":[{\"@type\":\"ReadAction\",\"target\":[\"https:\\\/\\\/zidovskaskolalevice.sk\\\/?page_id=35\"]}]},{\"@type\":\"ImageObject\",\"inLanguage\":\"sk-SK\",\"@id\":\"https:\\\/\\\/zidovskaskolalevice.sk\\\/?page_id=35#primaryimage\",\"url\":\"http:\\\/\\\/zidovskaskolalevice.sk\\\/wp-content\\\/uploads\\\/2021\\\/11\\\/252810054_245347877627709_5644108497354073766_n.jpg\",\"contentUrl\":\"http:\\\/\\\/zidovskaskolalevice.sk\\\/wp-content\\\/uploads\\\/2021\\\/11\\\/252810054_245347877627709_5644108497354073766_n.jpg\"},{\"@type\":\"BreadcrumbList\",\"@id\":\"https:\\\/\\\/zidovskaskolalevice.sk\\\/?page_id=35#breadcrumb\",\"itemListElement\":[{\"@type\":\"ListItem\",\"position\":1,\"name\":\"Home\",\"item\":\"https:\\\/\\\/zidovskaskolalevice.sk\\\/\"},{\"@type\":\"ListItem\",\"position\":2,\"name\":\"O projekte\"}]},{\"@type\":\"WebSite\",\"@id\":\"https:\\\/\\\/zidovskaskolalevice.sk\\\/#website\",\"url\":\"https:\\\/\\\/zidovskaskolalevice.sk\\\/\",\"name\":\"Projekt na obnovu n\u00e1rodnej kult\u00farnej pamiatky \u017didovsk\u00e1 \u0161kola Levice\",\"description\":\"Projekt na obnovu n\u00e1rodnej kult\u00farnej pamiatky \u017didovsk\u00e1 \u0161kola Levice\",\"publisher\":{\"@id\":\"https:\\\/\\\/zidovskaskolalevice.sk\\\/#organization\"},\"potentialAction\":[{\"@type\":\"SearchAction\",\"target\":{\"@type\":\"EntryPoint\",\"urlTemplate\":\"https:\\\/\\\/zidovskaskolalevice.sk\\\/?s={search_term_string}\"},\"query-input\":{\"@type\":\"PropertyValueSpecification\",\"valueRequired\":true,\"valueName\":\"search_term_string\"}}],\"inLanguage\":\"sk-SK\"},{\"@type\":\"Organization\",\"@id\":\"https:\\\/\\\/zidovskaskolalevice.sk\\\/#organization\",\"name\":\"Projekt na obnovu n\u00e1rodnej kult\u00farnej pamiatky \u017didovsk\u00e1 \u0161kola Levice\",\"url\":\"https:\\\/\\\/zidovskaskolalevice.sk\\\/\",\"logo\":{\"@type\":\"ImageObject\",\"inLanguage\":\"sk-SK\",\"@id\":\"https:\\\/\\\/zidovskaskolalevice.sk\\\/#\\\/schema\\\/logo\\\/image\\\/\",\"url\":\"https:\\\/\\\/zidovskaskolalevice.sk\\\/wp-content\\\/uploads\\\/2023\\\/03\\\/cropped-logo_spravne-2.jpg\",\"contentUrl\":\"https:\\\/\\\/zidovskaskolalevice.sk\\\/wp-content\\\/uploads\\\/2023\\\/03\\\/cropped-logo_spravne-2.jpg\",\"width\":680,\"height\":237,\"caption\":\"Projekt na obnovu n\u00e1rodnej kult\u00farnej pamiatky \u017didovsk\u00e1 \u0161kola Levice\"},\"image\":{\"@id\":\"https:\\\/\\\/zidovskaskolalevice.sk\\\/#\\\/schema\\\/logo\\\/image\\\/\"}}]}<\/script>\n<!-- \/ Yoast SEO plugin. -->","yoast_head_json":{"title":"O projekte - Projekt na obnovu n\u00e1rodnej kult\u00farnej pamiatky \u017didovsk\u00e1 \u0161kola Levice","robots":{"index":"index","follow":"follow","max-snippet":"max-snippet:-1","max-image-preview":"max-image-preview:large","max-video-preview":"max-video-preview:-1"},"canonical":"https:\/\/zidovskaskolalevice.sk\/?page_id=35","og_locale":"sk_SK","og_type":"article","og_title":"O projekte - Projekt na obnovu n\u00e1rodnej kult\u00farnej pamiatky \u017didovsk\u00e1 \u0161kola Levice","og_description":"Z\u00e1kladn\u00e9 inform\u00e1cie: N\u00e1zov projektu: Obnova n\u00e1rodnej kult\u00farnej pamiatky &#8211; \u017eidovsk\u00e1 \u0161kola Levice Pr\u00edjemca: Mestsk\u00e9 kult\u00farne stredisko Levice Rozpo\u010det projektu : 1 540 763 \u20acV\u00fd\u0161ka grantu: 1 140 166 \u20ac (1 125 166\u00a0 \u017eiadate\u013e, 15 000 partner 3)Spolufinancovanie: 400 597 \u20acEHP: 969 141 \u20acSR: 171 025 \u20ac Partneri projektu: Partner 1 &#8211; Mesto Levice Partner 2 Read More","og_url":"https:\/\/zidovskaskolalevice.sk\/?page_id=35","og_site_name":"Projekt na obnovu n\u00e1rodnej kult\u00farnej pamiatky \u017didovsk\u00e1 \u0161kola Levice","article_modified_time":"2025-08-06T10:06:42+00:00","og_image":[{"url":"http:\/\/zidovskaskolalevice.sk\/wp-content\/uploads\/2021\/11\/252810054_245347877627709_5644108497354073766_n.jpg","type":"","width":"","height":""}],"twitter_card":"summary_large_image","twitter_misc":{"Predpokladan\u00fd \u010das \u010d\u00edtania":"3 min\u00faty"},"schema":{"@context":"https:\/\/schema.org","@graph":[{"@type":"WebPage","@id":"https:\/\/zidovskaskolalevice.sk\/?page_id=35","url":"https:\/\/zidovskaskolalevice.sk\/?page_id=35","name":"O projekte - Projekt na obnovu n\u00e1rodnej kult\u00farnej pamiatky \u017didovsk\u00e1 \u0161kola Levice","isPartOf":{"@id":"https:\/\/zidovskaskolalevice.sk\/#website"},"primaryImageOfPage":{"@id":"https:\/\/zidovskaskolalevice.sk\/?page_id=35#primaryimage"},"image":{"@id":"https:\/\/zidovskaskolalevice.sk\/?page_id=35#primaryimage"},"thumbnailUrl":"http:\/\/zidovskaskolalevice.sk\/wp-content\/uploads\/2021\/11\/252810054_245347877627709_5644108497354073766_n.jpg","datePublished":"2021-11-04T12:28:30+00:00","dateModified":"2025-08-06T10:06:42+00:00","breadcrumb":{"@id":"https:\/\/zidovskaskolalevice.sk\/?page_id=35#breadcrumb"},"inLanguage":"sk-SK","potentialAction":[{"@type":"ReadAction","target":["https:\/\/zidovskaskolalevice.sk\/?page_id=35"]}]},{"@type":"ImageObject","inLanguage":"sk-SK","@id":"https:\/\/zidovskaskolalevice.sk\/?page_id=35#primaryimage","url":"http:\/\/zidovskaskolalevice.sk\/wp-content\/uploads\/2021\/11\/252810054_245347877627709_5644108497354073766_n.jpg","contentUrl":"http:\/\/zidovskaskolalevice.sk\/wp-content\/uploads\/2021\/11\/252810054_245347877627709_5644108497354073766_n.jpg"},{"@type":"BreadcrumbList","@id":"https:\/\/zidovskaskolalevice.sk\/?page_id=35#breadcrumb","itemListElement":[{"@type":"ListItem","position":1,"name":"Home","item":"https:\/\/zidovskaskolalevice.sk\/"},{"@type":"ListItem","position":2,"name":"O projekte"}]},{"@type":"WebSite","@id":"https:\/\/zidovskaskolalevice.sk\/#website","url":"https:\/\/zidovskaskolalevice.sk\/","name":"Projekt na obnovu n\u00e1rodnej kult\u00farnej pamiatky \u017didovsk\u00e1 \u0161kola Levice","description":"Projekt na obnovu n\u00e1rodnej kult\u00farnej pamiatky \u017didovsk\u00e1 \u0161kola Levice","publisher":{"@id":"https:\/\/zidovskaskolalevice.sk\/#organization"},"potentialAction":[{"@type":"SearchAction","target":{"@type":"EntryPoint","urlTemplate":"https:\/\/zidovskaskolalevice.sk\/?s={search_term_string}"},"query-input":{"@type":"PropertyValueSpecification","valueRequired":true,"valueName":"search_term_string"}}],"inLanguage":"sk-SK"},{"@type":"Organization","@id":"https:\/\/zidovskaskolalevice.sk\/#organization","name":"Projekt na obnovu n\u00e1rodnej kult\u00farnej pamiatky \u017didovsk\u00e1 \u0161kola Levice","url":"https:\/\/zidovskaskolalevice.sk\/","logo":{"@type":"ImageObject","inLanguage":"sk-SK","@id":"https:\/\/zidovskaskolalevice.sk\/#\/schema\/logo\/image\/","url":"https:\/\/zidovskaskolalevice.sk\/wp-content\/uploads\/2023\/03\/cropped-logo_spravne-2.jpg","contentUrl":"https:\/\/zidovskaskolalevice.sk\/wp-content\/uploads\/2023\/03\/cropped-logo_spravne-2.jpg","width":680,"height":237,"caption":"Projekt na obnovu n\u00e1rodnej kult\u00farnej pamiatky \u017didovsk\u00e1 \u0161kola Levice"},"image":{"@id":"https:\/\/zidovskaskolalevice.sk\/#\/schema\/logo\/image\/"}}]}},"_links":{"self":[{"href":"https:\/\/zidovskaskolalevice.sk\/index.php?rest_route=\/wp\/v2\/pages\/35","targetHints":{"allow":["GET"]}}],"collection":[{"href":"https:\/\/zidovskaskolalevice.sk\/index.php?rest_route=\/wp\/v2\/pages"}],"about":[{"href":"https:\/\/zidovskaskolalevice.sk\/index.php?rest_route=\/wp\/v2\/types\/page"}],"author":[{"embeddable":true,"href":"https:\/\/zidovskaskolalevice.sk\/index.php?rest_route=\/wp\/v2\/users\/1"}],"replies":[{"embeddable":true,"href":"https:\/\/zidovskaskolalevice.sk\/index.php?rest_route=%2Fwp%2Fv2%2Fcomments&post=35"}],"version-history":[{"count":6,"href":"https:\/\/zidovskaskolalevice.sk\/index.php?rest_route=\/wp\/v2\/pages\/35\/revisions"}],"predecessor-version":[{"id":4166,"href":"https:\/\/zidovskaskolalevice.sk\/index.php?rest_route=\/wp\/v2\/pages\/35\/revisions\/4166"}],"wp:attachment":[{"href":"https:\/\/zidovskaskolalevice.sk\/index.php?rest_route=%2Fwp%2Fv2%2Fmedia&parent=35"}],"curies":[{"name":"wp","href":"https:\/\/api.w.org\/{rel}","templated":true}]}}