{"id":41,"date":"2021-11-04T13:30:11","date_gmt":"2021-11-04T12:30:11","guid":{"rendered":"http:\/\/zidovskaskolalevice.sk\/?page_id=41"},"modified":"2025-08-06T12:22:16","modified_gmt":"2025-08-06T10:22:16","slug":"historia","status":"publish","type":"page","link":"https:\/\/zidovskaskolalevice.sk\/?page_id=41","title":{"rendered":"Hist\u00f3ria \u0161koly"},"content":{"rendered":"\t\t<div data-elementor-type=\"wp-page\" data-elementor-id=\"41\" class=\"elementor elementor-41\">\n\t\t\t\t\t\t<section class=\"elementor-section elementor-top-section elementor-element elementor-element-e0a85ea elementor-section-full_width elementor-section-height-default elementor-section-height-default\" data-id=\"e0a85ea\" data-element_type=\"section\" data-e-type=\"section\">\n\t\t\t\t\t\t\t<div class=\"elementor-background-overlay\"><\/div>\n\t\t\t\t\t\t\t<div class=\"elementor-container elementor-column-gap-default\">\n\t\t\t\t\t<div class=\"elementor-column elementor-col-100 elementor-top-column elementor-element elementor-element-06feb50\" data-id=\"06feb50\" data-element_type=\"column\" data-e-type=\"column\">\n\t\t\t<div class=\"elementor-widget-wrap elementor-element-populated\">\n\t\t\t\t\t\t<div class=\"elementor-element elementor-element-5cf58d5 elementor-widget elementor-widget-text-editor\" data-id=\"5cf58d5\" data-element_type=\"widget\" data-e-type=\"widget\" data-widget_type=\"text-editor.default\">\n\t\t\t\t<div class=\"elementor-widget-container\">\n\t\t\t\t\t\t\t\t\t<p>Levick\u00e1 \u017eidovsk\u00e1 n\u00e1bo\u017eensk\u00e1 obec mala aj svoju \u0161kolu. Nach\u00e1dzala sa v tesnej bl\u00edzkosti synag\u00f3gy. Prv\u00e1 \u0161kola v\u00f4bec, zalo\u017een\u00e1 v roku 1853, bola najprv s\u00fakromn\u00e1, nesk\u00f4r komunitn\u00e1 a pr\u00e1vo verejnosti mala a\u017e do roku 1854. Prv\u00fdmi u\u010dite\u013emi boli Kurlander a Neufeld. V roku 1898 mala \u0161kola p\u00e4\u0165 tried, nav\u0161tevovalo ju 179 \u017eiakov.\u00a0<\/p>\t\t\t\t\t\t\t\t<\/div>\n\t\t\t\t<\/div>\n\t\t\t\t<div class=\"elementor-element elementor-element-ac0c952 elementor-widget elementor-widget-image\" data-id=\"ac0c952\" data-element_type=\"widget\" data-e-type=\"widget\" data-widget_type=\"image.default\">\n\t\t\t\t<div class=\"elementor-widget-container\">\n\t\t\t\t\t\t\t\t\t\t\t\t<figure class=\"wp-caption\">\n\t\t\t\t\t\t\t\t\t\t<img fetchpriority=\"high\" decoding=\"async\" width=\"1024\" height=\"626\" src=\"https:\/\/zidovskaskolalevice.sk\/wp-content\/uploads\/2021\/11\/1-1024x626.jpg\" class=\"attachment-large size-large wp-image-85\" alt=\"\" srcset=\"https:\/\/zidovskaskolalevice.sk\/wp-content\/uploads\/2021\/11\/1-1024x626.jpg 1024w, https:\/\/zidovskaskolalevice.sk\/wp-content\/uploads\/2021\/11\/1-300x183.jpg 300w, https:\/\/zidovskaskolalevice.sk\/wp-content\/uploads\/2021\/11\/1-768x470.jpg 768w, https:\/\/zidovskaskolalevice.sk\/wp-content\/uploads\/2021\/11\/1.jpg 1336w\" sizes=\"(max-width: 1024px) 100vw, 1024px\" \/>\t\t\t\t\t\t\t\t\t\t\t<figcaption class=\"widget-image-caption wp-caption-text\">Budova starej \u017didovskej \u013eudovej \u0161koly na Holubyho ulici v Leviciach. Nov\u00e1 budova pola postaven\u00e1 v rokoch 1934-1935. Autorom projektu bol Ing. arch. Jacques Oblatt.<\/figcaption>\n\t\t\t\t\t\t\t\t\t\t<\/figure>\n\t\t\t\t\t\t\t\t\t<\/div>\n\t\t\t\t<\/div>\n\t\t\t\t<div class=\"elementor-element elementor-element-1aaadcb elementor-widget elementor-widget-text-editor\" data-id=\"1aaadcb\" data-element_type=\"widget\" data-e-type=\"widget\" data-widget_type=\"text-editor.default\">\n\t\t\t\t<div class=\"elementor-widget-container\">\n\t\t\t\t\t\t\t\t\t<p>Od roku 1870 u\u010dili na \u017eidovskej \u0161kole Ign\u00e1c Steiner, neskor\u0161\u00ed riadite\u013e, okrem neho Leopold Reisz, Vojtech Blau a Emanuel Grunberger. V roku 1893 sa spom\u00edna predseda levickej \u017eidovskej \u0161kolskej stolice Dr. Jakub Klein. V \u017eidovskej \u013eudovej \u0161kole u\u010dili E. Grunberger, Adolf De\u00e1k, Franti\u0161ek B\u00e1nyai a riadite\u013e Ign\u00e1c Steiner. Po Ign\u00e1covi Steinerovi prevzal riadite\u013esk\u00fd post Adolf De\u00e1k, nesk\u00f4r Franti\u0161ek B\u00e1nyai a Karol L\u00e9vai. Od roku 1910 u\u010dil na \u013eudovej \u017eidovskej \u0161kole v Leviciach Ign\u00e1c Erdos, od roku 1929 bol jej riadite\u013eom.\u00a0 V 30. rokoch 20. storo\u010dia mala \u0161kola tri pedagogick\u00e9 sily, okrem riadite\u013ea tu p\u00f4sobili e\u0161te dvaja u\u010ditelia: Anna Mayerov\u00e1 a Armin Muller.\u00a0<\/p>\t\t\t\t\t\t\t\t<\/div>\n\t\t\t\t<\/div>\n\t\t\t\t<div class=\"elementor-element elementor-element-a2ad27a elementor-widget elementor-widget-image\" data-id=\"a2ad27a\" data-element_type=\"widget\" data-e-type=\"widget\" data-widget_type=\"image.default\">\n\t\t\t\t<div class=\"elementor-widget-container\">\n\t\t\t\t\t\t\t\t\t\t\t\t<figure class=\"wp-caption\">\n\t\t\t\t\t\t\t\t\t\t<img decoding=\"async\" width=\"1024\" height=\"483\" src=\"https:\/\/zidovskaskolalevice.sk\/wp-content\/uploads\/2021\/11\/2-1024x483.jpg\" class=\"attachment-large size-large wp-image-86\" alt=\"\" srcset=\"https:\/\/zidovskaskolalevice.sk\/wp-content\/uploads\/2021\/11\/2-1024x483.jpg 1024w, https:\/\/zidovskaskolalevice.sk\/wp-content\/uploads\/2021\/11\/2-300x142.jpg 300w, https:\/\/zidovskaskolalevice.sk\/wp-content\/uploads\/2021\/11\/2-768x362.jpg 768w, https:\/\/zidovskaskolalevice.sk\/wp-content\/uploads\/2021\/11\/2.jpg 1348w\" sizes=\"(max-width: 1024px) 100vw, 1024px\" \/>\t\t\t\t\t\t\t\t\t\t\t<figcaption class=\"widget-image-caption wp-caption-text\">Pedag\u00f3govia \u017eidovskej \u0161koly. Z\u013eava riadite\u013e Ing Erdos, u\u010ditelia A. Mayerov\u00e1 a Al. Muller.<\/figcaption>\n\t\t\t\t\t\t\t\t\t\t<\/figure>\n\t\t\t\t\t\t\t\t\t<\/div>\n\t\t\t\t<\/div>\n\t\t\t\t<div class=\"elementor-element elementor-element-807f745 elementor-widget elementor-widget-text-editor\" data-id=\"807f745\" data-element_type=\"widget\" data-e-type=\"widget\" data-widget_type=\"text-editor.default\">\n\t\t\t\t<div class=\"elementor-widget-container\">\n\t\t\t\t\t\t\t\t\t<p>V prvej tretine 20. storo\u010dia star\u00e1 pr\u00edzemn\u00e1 budova \u017eidovskej \u0161koly u\u017e nevyhovovala kapacitn\u00fdm ani hygienick\u00fdm po\u017eiadavk\u00e1, preto \u017didovsk\u00e1 n\u00e1bo\u017eensk\u00e1 obec rozhodla o vybudovan\u00ed novej, modernej budovy \u0161koly. Stavba novej \u0161koly pod\u013ea projektu viedensk\u00e9ho architekta Jacquesa Oblatta bola budovan\u00e1 v rokoch 1934-1935 a je charakteristick\u00fdm dielom funkcionalistickej architekt\u00fary z tridsiatych rokov. Dokon\u010dili je v roku 1936. V Leviciach nevznikla \u017eiadna vy\u0161\u0161ia \u017eidovsk\u00e1 \u0161kola. Za predchodky\u0148u u\u010d\u0148ovsk\u00fdch \u0161k\u00f4l m\u00f4\u017eeme pova\u017eova\u0165 nede\u013en\u00fa opakovaciu \u0161kolu, existuj\u00facu pri \u017eidovskej \u013eudovej \u0161kole v roku 1882. V opakovacej \u0161kole u\u010dil Emanuel Grunberger a v u\u010d\u0148ovskej \u0161kole, zalo\u017eenej v roku 1885, tie\u017e vyu\u010dovali u\u010ditelia \u017eidovskej \u013eudovej \u0161koly. Prv\u00ed \u0161tudenti z levickej \u017eidovskej obce za\u010dali \u0161tudova\u0165 na miestnom piaristickom gymn\u00e1ziu u\u017e v polovici 19. storo\u010dia. V \u0161kolskom roku 1846\/47 tu \u0161tudovali dvara: Adolf Ehrenfeld a \u0160alam\u00fan Fridman (obaja s\u00fa uveden\u00ed v s\u00fapise z roku 1844). V roku 1875 zo 130 \u0161tudentov v \u0161tyroch ro\u010dn\u00edkoch \u0161koly 45 malo \u017eidovsk\u00fd p\u00f4vod. Preto\u017ee\u00a0 v meste neexistovala do roku 1923 chlap\u010densk\u00e1 me\u0161tianka, chlapci zo \u017eidovsk\u00fdch rod\u00edn absolvovali aspo\u0147 3-4 ro\u010dn\u00edky gymn\u00e1zia a a\u017e potom sa venovali rodinn\u00e9mu podniku. Nadan\u00e9 \u017eidovsk\u00e9 deti \u0161tudovali \u010falej na vysok\u00fdch \u0161kol\u00e1ch, u\u017e na prelome 19. a 20. storo\u010dia p\u00f4sobilo v Leviciach viacero \u017eidovsk\u00fdch pr\u00e1vnikov a lek\u00e1rov.\u00a0 Po vzniku \u010ceskoslovenskej republiky \u0161tudovali okrem tradi\u010dn\u00e9ho pr\u00e1va medic\u00edny i technick\u00e9 in\u017einierske smery: stavebn\u00e9 in\u017einierstvo, architekt\u00faru, zememera\u010dstvo alebo chemick\u00e9 in\u017einierstvo. \u0160tudovali predov\u0161etk\u00fdm deti z rod\u00edn \u017eidovskej inteligencie: zo \u0161tyroch det\u00ed rab\u00edna Liebermanna sa najstar\u00ed Leo stal pr\u00e1vnikom, mlad\u0161ie deti, Margita, Helena (Lilly) a Ernest, vy\u0161tudovali medic\u00ednu. Lek\u00e1rmi sa stali v\u0161etky tri deti u\u010dite\u013ea \u013eudovej \u017eivoskej \u0161koly Franti\u0161ka B\u00e1nyaia- Alexander, Zolt\u00e1n a Janka.<\/p>\t\t\t\t\t\t\t\t<\/div>\n\t\t\t\t<\/div>\n\t\t\t\t<div class=\"elementor-element elementor-element-d6e76d7 elementor-widget elementor-widget-image\" data-id=\"d6e76d7\" data-element_type=\"widget\" data-e-type=\"widget\" data-widget_type=\"image.default\">\n\t\t\t\t<div class=\"elementor-widget-container\">\n\t\t\t\t\t\t\t\t\t\t\t\t<figure class=\"wp-caption\">\n\t\t\t\t\t\t\t\t\t\t<img decoding=\"async\" width=\"1024\" height=\"627\" src=\"https:\/\/zidovskaskolalevice.sk\/wp-content\/uploads\/2021\/11\/3-1024x627.jpg\" class=\"attachment-large size-large wp-image-93\" alt=\"\" srcset=\"https:\/\/zidovskaskolalevice.sk\/wp-content\/uploads\/2021\/11\/3-1024x627.jpg 1024w, https:\/\/zidovskaskolalevice.sk\/wp-content\/uploads\/2021\/11\/3-300x184.jpg 300w, https:\/\/zidovskaskolalevice.sk\/wp-content\/uploads\/2021\/11\/3-768x471.jpg 768w, https:\/\/zidovskaskolalevice.sk\/wp-content\/uploads\/2021\/11\/3.jpg 1340w\" sizes=\"(max-width: 1024px) 100vw, 1024px\" \/>\t\t\t\t\t\t\t\t\t\t\t<figcaption class=\"widget-image-caption wp-caption-text\">\u0160tudenti levickej \u017eidovskej z\u00e1kladnej \u0161koly v roku 1939.<\/figcaption>\n\t\t\t\t\t\t\t\t\t\t<\/figure>\n\t\t\t\t\t\t\t\t\t<\/div>\n\t\t\t\t<\/div>\n\t\t\t\t<div class=\"elementor-element elementor-element-13eccdd elementor-widget elementor-widget-text-editor\" data-id=\"13eccdd\" data-element_type=\"widget\" data-e-type=\"widget\" data-widget_type=\"text-editor.default\">\n\t\t\t\t<div class=\"elementor-widget-container\">\n\t\t\t\t\t\t\t\t\t<p>Ak\u00fd smutn\u00fd je fakt, \u017ee \u017didia si svoju \u0161kolu u\u017eili len nieko\u013eko m\u00e1lo rokov a v tej istej budove s\u00eddlilo potom do\u010dasne geto, kde boli zhroma\u017e\u010fovan\u00ed pred deport\u00e1ciou&#8230;<\/p>\t\t\t\t\t\t\t\t<\/div>\n\t\t\t\t<\/div>\n\t\t\t\t\t<\/div>\n\t\t<\/div>\n\t\t\t\t\t<\/div>\n\t\t<\/section>\n\t\t\t\t<\/div>\n\t\t","protected":false},"excerpt":{"rendered":"<p>Levick\u00e1 \u017eidovsk\u00e1 n\u00e1bo\u017eensk\u00e1 obec mala aj svoju \u0161kolu. Nach\u00e1dzala sa v tesnej bl\u00edzkosti synag\u00f3gy. Prv\u00e1 \u0161kola v\u00f4bec, zalo\u017een\u00e1 v roku 1853, bola najprv s\u00fakromn\u00e1, nesk\u00f4r komunitn\u00e1 a pr\u00e1vo verejnosti mala a\u017e do roku 1854. Prv\u00fdmi u\u010dite\u013emi boli Kurlander a Neufeld. V roku 1898 mala \u0161kola p\u00e4\u0165 tried, nav\u0161tevovalo ju 179 \u017eiakov.\u00a0 Budova starej \u017didovskej \u013eudovej <a class=\"read-more\" href=\"https:\/\/zidovskaskolalevice.sk\/?page_id=41\">Read More<\/a><\/p>\n","protected":false},"author":1,"featured_media":0,"parent":0,"menu_order":0,"comment_status":"closed","ping_status":"closed","template":"","meta":{"om_disable_all_campaigns":false,"_monsterinsights_skip_tracking":false,"_monsterinsights_sitenote_active":false,"_monsterinsights_sitenote_note":"","_monsterinsights_sitenote_category":0,"_uf_show_specific_survey":0,"_uf_disable_surveys":false,"ngg_post_thumbnail":0,"footnotes":""},"class_list":["post-41","page","type-page","status-publish","hentry"],"yoast_head":"<!-- This site is optimized with the Yoast SEO plugin v27.5 - https:\/\/yoast.com\/product\/yoast-seo-wordpress\/ -->\n<title>Hist\u00f3ria \u0161koly - Projekt na obnovu n\u00e1rodnej kult\u00farnej pamiatky \u017didovsk\u00e1 \u0161kola Levice<\/title>\n<meta name=\"robots\" content=\"index, follow, max-snippet:-1, max-image-preview:large, max-video-preview:-1\" \/>\n<link rel=\"canonical\" href=\"https:\/\/zidovskaskolalevice.sk\/?page_id=41\" \/>\n<meta property=\"og:locale\" content=\"sk_SK\" \/>\n<meta property=\"og:type\" content=\"article\" \/>\n<meta property=\"og:title\" content=\"Hist\u00f3ria \u0161koly - Projekt na obnovu n\u00e1rodnej kult\u00farnej pamiatky \u017didovsk\u00e1 \u0161kola Levice\" \/>\n<meta property=\"og:description\" content=\"Levick\u00e1 \u017eidovsk\u00e1 n\u00e1bo\u017eensk\u00e1 obec mala aj svoju \u0161kolu. Nach\u00e1dzala sa v tesnej bl\u00edzkosti synag\u00f3gy. Prv\u00e1 \u0161kola v\u00f4bec, zalo\u017een\u00e1 v roku 1853, bola najprv s\u00fakromn\u00e1, nesk\u00f4r komunitn\u00e1 a pr\u00e1vo verejnosti mala a\u017e do roku 1854. Prv\u00fdmi u\u010dite\u013emi boli Kurlander a Neufeld. V roku 1898 mala \u0161kola p\u00e4\u0165 tried, nav\u0161tevovalo ju 179 \u017eiakov.\u00a0 Budova starej \u017didovskej \u013eudovej Read More\" \/>\n<meta property=\"og:url\" content=\"https:\/\/zidovskaskolalevice.sk\/?page_id=41\" \/>\n<meta property=\"og:site_name\" content=\"Projekt na obnovu n\u00e1rodnej kult\u00farnej pamiatky \u017didovsk\u00e1 \u0161kola Levice\" \/>\n<meta property=\"article:modified_time\" content=\"2025-08-06T10:22:16+00:00\" \/>\n<meta property=\"og:image\" content=\"https:\/\/zidovskaskolalevice.sk\/wp-content\/uploads\/2021\/11\/1.jpg\" \/>\n\t<meta property=\"og:image:width\" content=\"1336\" \/>\n\t<meta property=\"og:image:height\" content=\"817\" \/>\n\t<meta property=\"og:image:type\" content=\"image\/jpeg\" \/>\n<meta name=\"twitter:card\" content=\"summary_large_image\" \/>\n<meta name=\"twitter:label1\" content=\"Predpokladan\u00fd \u010das \u010d\u00edtania\" \/>\n\t<meta name=\"twitter:data1\" content=\"4 min\u00faty\" \/>\n<script type=\"application\/ld+json\" class=\"yoast-schema-graph\">{\"@context\":\"https:\\\/\\\/schema.org\",\"@graph\":[{\"@type\":\"WebPage\",\"@id\":\"https:\\\/\\\/zidovskaskolalevice.sk\\\/?page_id=41\",\"url\":\"https:\\\/\\\/zidovskaskolalevice.sk\\\/?page_id=41\",\"name\":\"Hist\u00f3ria \u0161koly - Projekt na obnovu n\u00e1rodnej kult\u00farnej pamiatky \u017didovsk\u00e1 \u0161kola Levice\",\"isPartOf\":{\"@id\":\"https:\\\/\\\/zidovskaskolalevice.sk\\\/#website\"},\"primaryImageOfPage\":{\"@id\":\"https:\\\/\\\/zidovskaskolalevice.sk\\\/?page_id=41#primaryimage\"},\"image\":{\"@id\":\"https:\\\/\\\/zidovskaskolalevice.sk\\\/?page_id=41#primaryimage\"},\"thumbnailUrl\":\"http:\\\/\\\/zidovskaskolalevice.sk\\\/wp-content\\\/uploads\\\/2021\\\/11\\\/1-1024x626.jpg\",\"datePublished\":\"2021-11-04T12:30:11+00:00\",\"dateModified\":\"2025-08-06T10:22:16+00:00\",\"breadcrumb\":{\"@id\":\"https:\\\/\\\/zidovskaskolalevice.sk\\\/?page_id=41#breadcrumb\"},\"inLanguage\":\"sk-SK\",\"potentialAction\":[{\"@type\":\"ReadAction\",\"target\":[\"https:\\\/\\\/zidovskaskolalevice.sk\\\/?page_id=41\"]}]},{\"@type\":\"ImageObject\",\"inLanguage\":\"sk-SK\",\"@id\":\"https:\\\/\\\/zidovskaskolalevice.sk\\\/?page_id=41#primaryimage\",\"url\":\"http:\\\/\\\/zidovskaskolalevice.sk\\\/wp-content\\\/uploads\\\/2021\\\/11\\\/1-1024x626.jpg\",\"contentUrl\":\"http:\\\/\\\/zidovskaskolalevice.sk\\\/wp-content\\\/uploads\\\/2021\\\/11\\\/1-1024x626.jpg\"},{\"@type\":\"BreadcrumbList\",\"@id\":\"https:\\\/\\\/zidovskaskolalevice.sk\\\/?page_id=41#breadcrumb\",\"itemListElement\":[{\"@type\":\"ListItem\",\"position\":1,\"name\":\"Home\",\"item\":\"https:\\\/\\\/zidovskaskolalevice.sk\\\/\"},{\"@type\":\"ListItem\",\"position\":2,\"name\":\"Hist\u00f3ria \u0161koly\"}]},{\"@type\":\"WebSite\",\"@id\":\"https:\\\/\\\/zidovskaskolalevice.sk\\\/#website\",\"url\":\"https:\\\/\\\/zidovskaskolalevice.sk\\\/\",\"name\":\"Projekt na obnovu n\u00e1rodnej kult\u00farnej pamiatky \u017didovsk\u00e1 \u0161kola Levice\",\"description\":\"Projekt na obnovu n\u00e1rodnej kult\u00farnej pamiatky \u017didovsk\u00e1 \u0161kola Levice\",\"publisher\":{\"@id\":\"https:\\\/\\\/zidovskaskolalevice.sk\\\/#organization\"},\"potentialAction\":[{\"@type\":\"SearchAction\",\"target\":{\"@type\":\"EntryPoint\",\"urlTemplate\":\"https:\\\/\\\/zidovskaskolalevice.sk\\\/?s={search_term_string}\"},\"query-input\":{\"@type\":\"PropertyValueSpecification\",\"valueRequired\":true,\"valueName\":\"search_term_string\"}}],\"inLanguage\":\"sk-SK\"},{\"@type\":\"Organization\",\"@id\":\"https:\\\/\\\/zidovskaskolalevice.sk\\\/#organization\",\"name\":\"Projekt na obnovu n\u00e1rodnej kult\u00farnej pamiatky \u017didovsk\u00e1 \u0161kola Levice\",\"url\":\"https:\\\/\\\/zidovskaskolalevice.sk\\\/\",\"logo\":{\"@type\":\"ImageObject\",\"inLanguage\":\"sk-SK\",\"@id\":\"https:\\\/\\\/zidovskaskolalevice.sk\\\/#\\\/schema\\\/logo\\\/image\\\/\",\"url\":\"https:\\\/\\\/zidovskaskolalevice.sk\\\/wp-content\\\/uploads\\\/2023\\\/03\\\/cropped-logo_spravne-2.jpg\",\"contentUrl\":\"https:\\\/\\\/zidovskaskolalevice.sk\\\/wp-content\\\/uploads\\\/2023\\\/03\\\/cropped-logo_spravne-2.jpg\",\"width\":680,\"height\":237,\"caption\":\"Projekt na obnovu n\u00e1rodnej kult\u00farnej pamiatky \u017didovsk\u00e1 \u0161kola Levice\"},\"image\":{\"@id\":\"https:\\\/\\\/zidovskaskolalevice.sk\\\/#\\\/schema\\\/logo\\\/image\\\/\"}}]}<\/script>\n<!-- \/ Yoast SEO plugin. -->","yoast_head_json":{"title":"Hist\u00f3ria \u0161koly - Projekt na obnovu n\u00e1rodnej kult\u00farnej pamiatky \u017didovsk\u00e1 \u0161kola Levice","robots":{"index":"index","follow":"follow","max-snippet":"max-snippet:-1","max-image-preview":"max-image-preview:large","max-video-preview":"max-video-preview:-1"},"canonical":"https:\/\/zidovskaskolalevice.sk\/?page_id=41","og_locale":"sk_SK","og_type":"article","og_title":"Hist\u00f3ria \u0161koly - Projekt na obnovu n\u00e1rodnej kult\u00farnej pamiatky \u017didovsk\u00e1 \u0161kola Levice","og_description":"Levick\u00e1 \u017eidovsk\u00e1 n\u00e1bo\u017eensk\u00e1 obec mala aj svoju \u0161kolu. Nach\u00e1dzala sa v tesnej bl\u00edzkosti synag\u00f3gy. Prv\u00e1 \u0161kola v\u00f4bec, zalo\u017een\u00e1 v roku 1853, bola najprv s\u00fakromn\u00e1, nesk\u00f4r komunitn\u00e1 a pr\u00e1vo verejnosti mala a\u017e do roku 1854. Prv\u00fdmi u\u010dite\u013emi boli Kurlander a Neufeld. V roku 1898 mala \u0161kola p\u00e4\u0165 tried, nav\u0161tevovalo ju 179 \u017eiakov.\u00a0 Budova starej \u017didovskej \u013eudovej Read More","og_url":"https:\/\/zidovskaskolalevice.sk\/?page_id=41","og_site_name":"Projekt na obnovu n\u00e1rodnej kult\u00farnej pamiatky \u017didovsk\u00e1 \u0161kola Levice","article_modified_time":"2025-08-06T10:22:16+00:00","og_image":[{"width":1336,"height":817,"url":"https:\/\/zidovskaskolalevice.sk\/wp-content\/uploads\/2021\/11\/1.jpg","type":"image\/jpeg"}],"twitter_card":"summary_large_image","twitter_misc":{"Predpokladan\u00fd \u010das \u010d\u00edtania":"4 min\u00faty"},"schema":{"@context":"https:\/\/schema.org","@graph":[{"@type":"WebPage","@id":"https:\/\/zidovskaskolalevice.sk\/?page_id=41","url":"https:\/\/zidovskaskolalevice.sk\/?page_id=41","name":"Hist\u00f3ria \u0161koly - Projekt na obnovu n\u00e1rodnej kult\u00farnej pamiatky \u017didovsk\u00e1 \u0161kola Levice","isPartOf":{"@id":"https:\/\/zidovskaskolalevice.sk\/#website"},"primaryImageOfPage":{"@id":"https:\/\/zidovskaskolalevice.sk\/?page_id=41#primaryimage"},"image":{"@id":"https:\/\/zidovskaskolalevice.sk\/?page_id=41#primaryimage"},"thumbnailUrl":"http:\/\/zidovskaskolalevice.sk\/wp-content\/uploads\/2021\/11\/1-1024x626.jpg","datePublished":"2021-11-04T12:30:11+00:00","dateModified":"2025-08-06T10:22:16+00:00","breadcrumb":{"@id":"https:\/\/zidovskaskolalevice.sk\/?page_id=41#breadcrumb"},"inLanguage":"sk-SK","potentialAction":[{"@type":"ReadAction","target":["https:\/\/zidovskaskolalevice.sk\/?page_id=41"]}]},{"@type":"ImageObject","inLanguage":"sk-SK","@id":"https:\/\/zidovskaskolalevice.sk\/?page_id=41#primaryimage","url":"http:\/\/zidovskaskolalevice.sk\/wp-content\/uploads\/2021\/11\/1-1024x626.jpg","contentUrl":"http:\/\/zidovskaskolalevice.sk\/wp-content\/uploads\/2021\/11\/1-1024x626.jpg"},{"@type":"BreadcrumbList","@id":"https:\/\/zidovskaskolalevice.sk\/?page_id=41#breadcrumb","itemListElement":[{"@type":"ListItem","position":1,"name":"Home","item":"https:\/\/zidovskaskolalevice.sk\/"},{"@type":"ListItem","position":2,"name":"Hist\u00f3ria \u0161koly"}]},{"@type":"WebSite","@id":"https:\/\/zidovskaskolalevice.sk\/#website","url":"https:\/\/zidovskaskolalevice.sk\/","name":"Projekt na obnovu n\u00e1rodnej kult\u00farnej pamiatky \u017didovsk\u00e1 \u0161kola Levice","description":"Projekt na obnovu n\u00e1rodnej kult\u00farnej pamiatky \u017didovsk\u00e1 \u0161kola Levice","publisher":{"@id":"https:\/\/zidovskaskolalevice.sk\/#organization"},"potentialAction":[{"@type":"SearchAction","target":{"@type":"EntryPoint","urlTemplate":"https:\/\/zidovskaskolalevice.sk\/?s={search_term_string}"},"query-input":{"@type":"PropertyValueSpecification","valueRequired":true,"valueName":"search_term_string"}}],"inLanguage":"sk-SK"},{"@type":"Organization","@id":"https:\/\/zidovskaskolalevice.sk\/#organization","name":"Projekt na obnovu n\u00e1rodnej kult\u00farnej pamiatky \u017didovsk\u00e1 \u0161kola Levice","url":"https:\/\/zidovskaskolalevice.sk\/","logo":{"@type":"ImageObject","inLanguage":"sk-SK","@id":"https:\/\/zidovskaskolalevice.sk\/#\/schema\/logo\/image\/","url":"https:\/\/zidovskaskolalevice.sk\/wp-content\/uploads\/2023\/03\/cropped-logo_spravne-2.jpg","contentUrl":"https:\/\/zidovskaskolalevice.sk\/wp-content\/uploads\/2023\/03\/cropped-logo_spravne-2.jpg","width":680,"height":237,"caption":"Projekt na obnovu n\u00e1rodnej kult\u00farnej pamiatky \u017didovsk\u00e1 \u0161kola Levice"},"image":{"@id":"https:\/\/zidovskaskolalevice.sk\/#\/schema\/logo\/image\/"}}]}},"_links":{"self":[{"href":"https:\/\/zidovskaskolalevice.sk\/index.php?rest_route=\/wp\/v2\/pages\/41","targetHints":{"allow":["GET"]}}],"collection":[{"href":"https:\/\/zidovskaskolalevice.sk\/index.php?rest_route=\/wp\/v2\/pages"}],"about":[{"href":"https:\/\/zidovskaskolalevice.sk\/index.php?rest_route=\/wp\/v2\/types\/page"}],"author":[{"embeddable":true,"href":"https:\/\/zidovskaskolalevice.sk\/index.php?rest_route=\/wp\/v2\/users\/1"}],"replies":[{"embeddable":true,"href":"https:\/\/zidovskaskolalevice.sk\/index.php?rest_route=%2Fwp%2Fv2%2Fcomments&post=41"}],"version-history":[{"count":6,"href":"https:\/\/zidovskaskolalevice.sk\/index.php?rest_route=\/wp\/v2\/pages\/41\/revisions"}],"predecessor-version":[{"id":4191,"href":"https:\/\/zidovskaskolalevice.sk\/index.php?rest_route=\/wp\/v2\/pages\/41\/revisions\/4191"}],"wp:attachment":[{"href":"https:\/\/zidovskaskolalevice.sk\/index.php?rest_route=%2Fwp%2Fv2%2Fmedia&parent=41"}],"curies":[{"name":"wp","href":"https:\/\/api.w.org\/{rel}","templated":true}]}}